CRAN Package Check Results for Package pagedown

Last updated on 2024-07-24 16:53:55 CEST.

Flavor Version Tinstall Tcheck Ttotal Status Flags
r-devel-linux-x86_64-debian-clang 0.20 2.87 28.63 31.50 OK
r-devel-linux-x86_64-debian-gcc 0.20 2.57 22.13 24.70 NOTE
r-devel-linux-x86_64-fedora-clang 0.20 43.53 OK
r-devel-linux-x86_64-fedora-gcc 0.20 40.17 OK
r-devel-windows-x86_64 0.20 4.00 44.00 48.00 NOTE
r-patched-linux-x86_64 0.20 7.78 27.75 35.53 OK
r-release-linux-x86_64 0.20 3.01 28.18 31.19 OK
r-release-macos-arm64 0.20 19.00 OK
r-release-macos-x86_64 0.20 24.00 OK
r-release-windows-x86_64 0.20 5.00 46.00 51.00 OK
r-oldrel-macos-arm64 0.20 18.00 OK
r-oldrel-macos-x86_64 0.20 23.00 OK
r-oldrel-windows-x86_64 0.20 5.00 45.00 50.00 OK

Check Details

Version: 0.20
Check: Rd cross-references
Result: NOTE Found the following Rd file(s) with Rd \link{} targets missing package anchors: chrome_print.Rd: render Please provide package anchors for all Rd \link{} targets not in the package itself and the base packages. Flavors: r-devel-linux-x86_64-debian-gcc, r-devel-windows-x86_64