CRAN Package Check Results for Package packager

Last updated on 2024-07-19 17:54:36 CEST.

Flavor Version Tinstall Tcheck Ttotal Status Flags
r-devel-linux-x86_64-debian-clang 1.15.2 5.28 245.01 250.29 NOTE
r-devel-linux-x86_64-debian-gcc 1.15.2 4.77 181.66 186.43 NOTE
r-devel-linux-x86_64-fedora-clang 1.15.2 318.32 NOTE
r-devel-linux-x86_64-fedora-gcc 1.15.2 325.12 NOTE
r-devel-windows-x86_64 1.15.2 10.00 345.00 355.00 NOTE
r-patched-linux-x86_64 1.15.2 5.98 235.77 241.75 NOTE
r-release-linux-x86_64 1.15.2 6.17 234.88 241.05 NOTE
r-release-macos-arm64 1.15.2 170.00 NOTE
r-release-macos-x86_64 1.15.2 238.00 NOTE
r-release-windows-x86_64 1.15.2 9.00 352.00 361.00 NOTE
r-oldrel-macos-arm64 1.15.2 182.00 OK
r-oldrel-macos-x86_64 1.15.2 266.00 OK
r-oldrel-windows-x86_64 1.15.2 10.00 378.00 388.00 OK

Check Details

Version: 1.15.2
Check: Rd files
Result: NOTE checkRd: (-1) lint_package.Rd:20: Lost braces 20 | code{\link[lintr:lint_package]{lintr::lint_package}} where we hardcode the | ^ checkRd: (-1) provide_news_rd.Rd:22: Lost braces 22 | Christian Vonderach uses the index thus wants file{inst/NEWS.rd} to | ^ checkRd: (-1) provide_news_rd.Rd:23: Lost braces 23 | automatically be in sync with file{./NEWS.md}. | ^ Flavors: r-devel-linux-x86_64-debian-clang, r-devel-linux-x86_64-debian-gcc, r-devel-linux-x86_64-fedora-clang, r-devel-linux-x86_64-fedora-gcc, r-devel-windows-x86_64, r-patched-linux-x86_64, r-release-linux-x86_64, r-release-macos-arm64, r-release-macos-x86_64, r-release-windows-x86_64

Version: 1.15.2
Check: Rd cross-references
Result: NOTE Found the following Rd file(s) with Rd \link{} targets missing package anchors: check_usage.Rd: checkUsagePackage Please provide package anchors for all Rd \link{} targets not in the package itself and the base packages. Flavor: r-devel-windows-x86_64