CRAN Package Check Results for Package packDAMipd

Last updated on 2024-06-14 05:00:28 CEST.

Flavor Version Tinstall Tcheck Ttotal Status Flags
r-devel-linux-x86_64-debian-clang 1.1.0 33.16 962.71 995.87 OK
r-devel-linux-x86_64-debian-gcc 1.1.0 0.98 2.02 3.00 ERROR
r-devel-linux-x86_64-fedora-clang 1.1.0 1095.98 NOTE
r-devel-linux-x86_64-fedora-gcc 1.1.0 1015.34 OK
r-devel-windows-x86_64 1.1.0 28.00 767.00 795.00 NOTE
r-patched-linux-x86_64 1.1.0 23.43 885.12 908.55 OK
r-release-linux-x86_64 1.1.0 32.37 901.53 933.90 OK
r-release-macos-arm64 1.1.0 250.00 NOTE
r-release-macos-x86_64 1.1.0 445.00 NOTE
r-release-windows-x86_64 1.1.0 30.00 787.00 817.00 NOTE
r-oldrel-macos-arm64 1.1.0 170.00 NOTE
r-oldrel-macos-x86_64 1.1.0 401.00 NOTE
r-oldrel-windows-x86_64 1.1.0 36.00 805.00 841.00 NOTE

Check Details

Version: 1.1.0
Check: package dependencies
Result: ERROR Packages required but not available: 'readxl', 'stringr', 'reshape2', 'lme4', 'survminer', 'systemfit', 'IPDFileCheck', 'valueEQ5D', 'car', 'ggplot2', 'broom', 'effects', 'dplyr', 'tidyr', 'haven', 'ggpubr', 'labelled', 'purrr' Package suggested but not available for checking: ‘testthat’ See section ‘The DESCRIPTION file’ in the ‘Writing R Extensions’ manual. Flavor: r-devel-linux-x86_64-debian-gcc

Version: 1.1.0
Check: package dependencies
Result: NOTE Imports includes 29 non-default packages. Importing from so many packages makes the package vulnerable to any of them becoming unavailable. Move as many as possible to Suggests and use conditionally. Flavor: r-devel-linux-x86_64-fedora-clang

Version: 1.1.0
Check: installed package size
Result: NOTE installed size is 5.8Mb sub-directories of 1Mb or more: extdata 4.3Mb Flavors: r-devel-linux-x86_64-fedora-clang, r-devel-windows-x86_64, r-release-macos-arm64, r-release-macos-x86_64, r-release-windows-x86_64, r-oldrel-macos-arm64, r-oldrel-macos-x86_64, r-oldrel-windows-x86_64