CRAN Package Check Results for Package pROC

Last updated on 2024-07-21 04:53:30 CEST.

Flavor Version Tinstall Tcheck Ttotal Status Flags
r-devel-linux-x86_64-debian-clang 1.18.5 34.97 206.67 241.64 OK
r-devel-linux-x86_64-debian-gcc 1.18.5 22.83 144.28 167.11 OK
r-devel-linux-x86_64-fedora-clang 1.18.5 318.47 OK
r-devel-linux-x86_64-fedora-gcc 1.18.5 313.32 OK
r-devel-windows-x86_64 1.18.5 32.00 172.00 204.00 NOTE
r-patched-linux-x86_64 1.18.5 39.41 193.94 233.35 OK
r-release-linux-x86_64 1.18.5 43.75 194.74 238.49 OK
r-release-macos-arm64 1.18.5 62.00 OK
r-release-macos-x86_64 1.18.5 125.00 OK
r-release-windows-x86_64 1.18.5 38.00 174.00 212.00 OK
r-oldrel-macos-arm64 1.18.5 75.00 OK
r-oldrel-macos-x86_64 1.18.5 185.00 OK
r-oldrel-windows-x86_64 1.18.5 49.00 178.00 227.00 OK

Check Details

Version: 1.18.5
Check: Rd cross-references
Result: NOTE Found the following Rd file(s) with Rd \link{} targets missing package anchors: smooth.Rd: fitdistr Please provide package anchors for all Rd \link{} targets not in the package itself and the base packages. Flavor: r-devel-windows-x86_64