CRAN Package Check Results for Package openbankeR

Last updated on 2024-07-15 16:56:28 CEST.

Flavor Version Tinstall Tcheck Ttotal Status Flags
r-devel-linux-x86_64-debian-clang 0.1.1 2.73 27.93 30.66 OK
r-devel-linux-x86_64-debian-gcc 0.1.1 1.89 21.51 23.40 OK
r-devel-linux-x86_64-fedora-clang 0.1.1 39.60 NOTE
r-devel-linux-x86_64-fedora-gcc 0.1.1 49.59 NOTE
r-devel-windows-x86_64 0.1.1 3.00 51.00 54.00 OK
r-patched-linux-x86_64 0.1.1 3.18 27.01 30.19 OK
r-release-linux-x86_64 0.1.1 1.68 25.82 27.50 OK
r-release-macos-arm64 0.1.1 22.00 OK
r-release-macos-x86_64 0.1.1 32.00 OK
r-release-windows-x86_64 0.1.1 4.00 45.00 49.00 OK
r-oldrel-macos-arm64 0.1.1 21.00 OK
r-oldrel-macos-x86_64 0.1.1 28.00 OK
r-oldrel-windows-x86_64 0.1.1 4.00 46.00 50.00 OK

Check Details

Version: 0.1.1
Check: dependencies in R code
Result: NOTE Namespaces in Imports field not imported from: ‘dplyr’ ‘glue’ ‘httpcode’ ‘httr’ ‘jsonlite’ ‘tidyr’ All declared Imports should be used. Flavors: r-devel-linux-x86_64-fedora-clang, r-devel-linux-x86_64-fedora-gcc