CRAN Package Check Results for Package oceanis

Last updated on 2024-07-14 04:52:20 CEST.

Flavor Version Tinstall Tcheck Ttotal Status Flags
r-devel-linux-x86_64-debian-clang 1.8.5 51.78 290.86 342.64 OK
r-devel-linux-x86_64-debian-gcc 1.8.5 44.69 203.54 248.23 OK
r-devel-linux-x86_64-fedora-clang 1.8.5 421.23 NOTE
r-devel-linux-x86_64-fedora-gcc 1.8.5 398.10 OK
r-devel-windows-x86_64 1.8.5 47.00 186.00 233.00 NOTE
r-patched-linux-x86_64 1.8.5 47.38 266.78 314.16 OK
r-release-linux-x86_64 1.8.5 44.29 272.11 316.40 OK
r-release-macos-arm64 1.8.5 98.00 NOTE
r-release-macos-x86_64 1.8.5 166.00 NOTE
r-release-windows-x86_64 1.8.5 44.00 187.00 231.00 NOTE
r-oldrel-macos-arm64 1.8.5 106.00 NOTE
r-oldrel-macos-x86_64 1.8.5 175.00 NOTE
r-oldrel-windows-x86_64 1.8.5 57.00 247.00 304.00 NOTE

Check Details

Version: 1.8.5
Check: installed package size
Result: NOTE installed size is 9.6Mb sub-directories of 1Mb or more: R 1.5Mb doc 5.7Mb extdata 1.6Mb Flavors: r-devel-linux-x86_64-fedora-clang, r-devel-windows-x86_64, r-release-macos-arm64, r-release-macos-x86_64, r-release-windows-x86_64, r-oldrel-macos-arm64, r-oldrel-macos-x86_64, r-oldrel-windows-x86_64