CRAN Package Check Results for Package nswgeo

Last updated on 2024-07-15 04:48:42 CEST.

Flavor Version Tinstall Tcheck Ttotal Status Flags
r-devel-linux-x86_64-debian-clang 0.4.0 3.67 37.90 41.57 OK
r-devel-linux-x86_64-debian-gcc 0.4.0 2.95 28.91 31.86 OK
r-devel-linux-x86_64-fedora-clang 0.4.0 50.77 NOTE
r-devel-linux-x86_64-fedora-gcc 0.4.0 48.09 NOTE
r-devel-windows-x86_64 0.4.0 6.00 53.00 59.00 OK
r-patched-linux-x86_64 0.4.0 2.87 34.95 37.82 OK
r-release-linux-x86_64 0.4.0 3.62 34.53 38.15 OK
r-release-macos-arm64 0.4.0 22.00 OK
r-release-macos-x86_64 0.4.0 32.00 OK
r-release-windows-x86_64 0.4.0 6.00 53.00 59.00 OK
r-oldrel-macos-arm64 0.4.0 31.00 OK
r-oldrel-macos-x86_64 0.4.0 36.00 OK
r-oldrel-windows-x86_64 0.4.0 6.00 57.00 63.00 OK

Check Details

Version: 0.4.0
Check: data for non-ASCII characters
Result: NOTE Note: found 1 marked UTF-8 string Flavors: r-devel-linux-x86_64-fedora-clang, r-devel-linux-x86_64-fedora-gcc