CRAN Package Check Results for Package nominatimlite

Last updated on 2024-07-22 04:48:43 CEST.

Flavor Version Tinstall Tcheck Ttotal Status Flags
r-devel-linux-x86_64-debian-clang 0.4.0 2.24 53.62 55.86 OK
r-devel-linux-x86_64-debian-gcc 0.4.1 1.95 41.02 42.97 OK
r-devel-linux-x86_64-fedora-clang 0.4.1 74.54 NOTE
r-devel-linux-x86_64-fedora-gcc 0.4.1 82.01 NOTE
r-devel-windows-x86_64 0.4.1 8.00 78.00 86.00 OK
r-patched-linux-x86_64 0.4.0 4.39 51.22 55.61 OK
r-release-linux-x86_64 0.4.1 3.34 51.17 54.51 OK
r-release-macos-arm64 0.4.1 61.00 OK
r-release-macos-x86_64 0.4.1 111.00 OK
r-release-windows-x86_64 0.4.0 4.00 81.00 85.00 OK
r-oldrel-macos-arm64 0.4.1 64.00 OK
r-oldrel-macos-x86_64 0.4.1 89.00 OK
r-oldrel-windows-x86_64 0.4.1 4.00 84.00 88.00 OK

Check Details

Version: 0.4.1
Check: data for non-ASCII characters
Result: NOTE Note: found 4 marked UTF-8 strings Flavors: r-devel-linux-x86_64-fedora-clang, r-devel-linux-x86_64-fedora-gcc