CRAN Package Check Results for Package nimbleHMC

Last updated on 2024-06-16 04:51:46 CEST.

Flavor Version Tinstall Tcheck Ttotal Status Flags
r-devel-linux-x86_64-debian-clang 0.2.1 15.88 88.68 104.56 OK
r-devel-linux-x86_64-debian-gcc 0.2.1 11.23 69.80 81.03 OK
r-devel-linux-x86_64-fedora-clang 0.2.1 127.25 NOTE
r-devel-linux-x86_64-fedora-gcc 0.2.1 121.42 NOTE
r-devel-windows-x86_64 0.2.1 14.00 88.00 102.00 OK
r-patched-linux-x86_64 0.2.1 16.28 87.62 103.90 OK
r-release-linux-x86_64 0.2.1 13.87 80.46 94.33 OK
r-release-macos-arm64 0.2.1 39.00 OK
r-release-macos-x86_64 0.2.1 60.00 OK
r-release-windows-x86_64 0.2.1 14.00 82.00 96.00 OK
r-oldrel-macos-arm64 0.2.1 46.00 OK
r-oldrel-macos-x86_64 0.2.1 90.00 OK
r-oldrel-windows-x86_64 0.2.1 18.00 99.00 117.00 OK

Check Details

Version: 0.2.1
Check: dependencies in R code
Result: NOTE Namespace in Imports field not imported from: ‘methods’ All declared Imports should be used. Flavors: r-devel-linux-x86_64-fedora-clang, r-devel-linux-x86_64-fedora-gcc