Last updated on 2025-01-19 04:49:02 CET.
Flavor | Version | Tinstall | Tcheck | Ttotal | Status | Flags |
---|---|---|---|---|---|---|
r-devel-linux-x86_64-debian-clang | 1.0.6 | 11.49 | 165.83 | 177.32 | NOTE | |
r-devel-linux-x86_64-debian-gcc | 1.0.6 | 9.18 | 125.25 | 134.43 | NOTE | |
r-devel-linux-x86_64-fedora-clang | 1.0.6 | 298.51 | OK | |||
r-devel-linux-x86_64-fedora-gcc | 1.0.6 | 322.27 | OK | |||
r-devel-windows-x86_64 | 1.0.6 | 11.00 | 233.00 | 244.00 | NOTE | |
r-patched-linux-x86_64 | 1.0.6 | 14.35 | 163.63 | 177.98 | OK | |
r-release-linux-x86_64 | 1.0.6 | 10.85 | 162.94 | 173.79 | OK | |
r-release-macos-arm64 | 1.0.6 | 74.00 | OK | |||
r-release-macos-x86_64 | 1.0.6 | 114.00 | OK | |||
r-release-windows-x86_64 | 1.0.6 | 14.00 | 276.00 | 290.00 | OK | |
r-oldrel-macos-arm64 | 1.0.6 | 79.00 | OK | |||
r-oldrel-macos-x86_64 | 1.0.6 | 179.00 | OK | |||
r-oldrel-windows-x86_64 | 1.0.6 | 14.00 | 264.00 | 278.00 | OK |
Version: 1.0.6
Check: Rd cross-references
Result: NOTE
Found the following Rd file(s) with Rd \link{} targets missing package
anchors:
samplers.Rd: configureMCMC, addSampler, buildMCMC, runMCMC
Please provide package anchors for all Rd \link{} targets not in the
package itself and the base packages.
Flavors: r-devel-linux-x86_64-debian-clang, r-devel-linux-x86_64-debian-gcc, r-devel-windows-x86_64