CRAN Package Check Results for Package newsmap

Last updated on 2024-07-16 16:52:55 CEST.

Flavor Version Tinstall Tcheck Ttotal Status Flags
r-devel-linux-x86_64-debian-clang 0.9.0 11.99 116.08 128.07 OK
r-devel-linux-x86_64-debian-gcc 0.9.0 8.19 87.05 95.24 OK
r-devel-linux-x86_64-fedora-clang 0.9.0 158.96 NOTE
r-devel-linux-x86_64-fedora-gcc 0.9.0 149.19 NOTE
r-devel-windows-x86_64 0.9.0 9.00 99.00 108.00 OK
r-patched-linux-x86_64 0.9.0 8.83 113.51 122.34 OK
r-release-linux-x86_64 0.9.0 10.08 114.00 124.08 OK
r-release-macos-arm64 0.9.0 45.00 OK
r-release-macos-x86_64 0.9.0 66.00 OK
r-release-windows-x86_64 0.9.0 10.00 102.00 112.00 OK
r-oldrel-macos-arm64 0.9.0 569.00 OK
r-oldrel-macos-x86_64 0.9.0 527.00 OK
r-oldrel-windows-x86_64 0.9.0 13.00 124.00 137.00 OK

Check Details

Version: 0.9.0
Check: data for non-ASCII characters
Result: NOTE Note: found 5170 marked UTF-8 strings Flavors: r-devel-linux-x86_64-fedora-clang, r-devel-linux-x86_64-fedora-gcc