CRAN Package Check Results for Package nestedmodels

Last updated on 2024-07-13 16:48:22 CEST.

Flavor Version Tinstall Tcheck Ttotal Status Flags
r-devel-linux-x86_64-debian-clang 1.1.0 15.98 202.75 218.73 OK
r-devel-linux-x86_64-debian-gcc 1.1.0 13.09 146.43 159.52 OK
r-devel-linux-x86_64-fedora-clang 1.1.0 285.02 OK
r-devel-linux-x86_64-fedora-gcc 1.1.0 265.04 OK
r-devel-windows-x86_64 1.1.0 15.00 158.00 173.00 NOTE
r-patched-linux-x86_64 1.1.0 22.88 185.58 208.46 OK
r-release-linux-x86_64 1.1.0 11.72 189.09 200.81 OK
r-release-macos-arm64 1.1.0 80.00 OK
r-release-macos-x86_64 1.1.0 125.00 OK
r-release-windows-x86_64 1.1.0 14.00 163.00 177.00 OK
r-oldrel-macos-arm64 1.1.0 92.00 OK
r-oldrel-macos-x86_64 1.1.0 158.00 OK
r-oldrel-windows-x86_64 1.1.0 20.00 198.00 218.00 OK

Check Details

Version: 1.1.0
Check: Rd cross-references
Result: NOTE Found the following Rd file(s) with Rd \link{} targets missing package anchors: step_nest.Rd: tidy.recipe Please provide package anchors for all Rd \link{} targets not in the package itself and the base packages. Flavor: r-devel-windows-x86_64