CRAN Package Check Results for Package natural

Last updated on 2024-07-12 16:53:48 CEST.

Flavor Version Tinstall Tcheck Ttotal Status Flags
r-devel-linux-x86_64-debian-clang 0.9.0 13.33 160.31 173.64 NOTE
r-devel-linux-x86_64-debian-gcc 0.9.0 10.43 131.42 141.85 NOTE
r-devel-linux-x86_64-fedora-clang 0.9.0 207.27 NOTE
r-devel-linux-x86_64-fedora-gcc 0.9.0 235.33 NOTE
r-devel-windows-x86_64 0.9.0 15.00 147.00 162.00 NOTE
r-patched-linux-x86_64 0.9.0 11.74 169.12 180.86 NOTE
r-release-linux-x86_64 0.9.0 9.81 169.48 179.29 NOTE
r-release-macos-arm64 0.9.0 79.00 NOTE
r-release-macos-x86_64 0.9.0 114.00 NOTE
r-release-windows-x86_64 0.9.0 14.00 148.00 162.00 NOTE
r-oldrel-macos-arm64 0.9.0 90.00 NOTE
r-oldrel-macos-x86_64 0.9.0 133.00 NOTE
r-oldrel-windows-x86_64 0.9.0 17.00 172.00 189.00 NOTE

Check Details

Version: 0.9.0
Check: LazyData
Result: NOTE 'LazyData' is specified without a 'data' directory Flavors: r-devel-linux-x86_64-debian-clang, r-devel-linux-x86_64-debian-gcc, r-devel-linux-x86_64-fedora-clang, r-devel-linux-x86_64-fedora-gcc, r-devel-windows-x86_64, r-patched-linux-x86_64, r-release-linux-x86_64, r-release-macos-arm64, r-release-macos-x86_64, r-release-windows-x86_64, r-oldrel-macos-arm64, r-oldrel-macos-x86_64, r-oldrel-windows-x86_64