CRAN Package Check Results for Package multilevLCA

Last updated on 2025-06-20 16:49:21 CEST.

Flavor Version Tinstall Tcheck Ttotal Status Flags
r-devel-linux-x86_64-debian-clang 2.0.1 169.87 71.97 241.84 OK
r-devel-linux-x86_64-debian-gcc 2.0.1 112.14 48.20 160.34 OK
r-devel-linux-x86_64-fedora-clang 2.0.1 352.31 OK
r-devel-linux-x86_64-fedora-gcc 2.0.1 429.62 OK
r-devel-windows-x86_64 2.0.1 147.00 106.00 253.00 OK
r-patched-linux-x86_64 2.0.1 154.75 67.18 221.93 OK
r-release-linux-x86_64 2.0.1 152.85 66.44 219.29 OK
r-release-macos-arm64 2.0.1 90.00 OK
r-release-macos-x86_64 2.0.1 93.00 OK
r-release-windows-x86_64 2.0.1 147.00 102.00 249.00 OK
r-oldrel-macos-arm64 2.0.1 82.00 NOTE
r-oldrel-macos-x86_64 2.0.1 106.00 NOTE
r-oldrel-windows-x86_64 2.0.1 194.00 127.00 321.00 OK

Check Details

Version: 2.0.1
Check: installed package size
Result: NOTE installed size is 16.3Mb sub-directories of 1Mb or more: libs 15.4Mb Flavors: r-oldrel-macos-arm64, r-oldrel-macos-x86_64