CRAN Package Check Results for Package multifear

Last updated on 2024-06-13 04:52:32 CEST.

Flavor Version Tinstall Tcheck Ttotal Status Flags
r-devel-linux-x86_64-debian-clang 0.1.3 14.77 235.11 249.88 OK
r-devel-linux-x86_64-debian-gcc 0.1.3 0.40 1.90 2.30 ERROR
r-devel-linux-x86_64-fedora-clang 0.1.3 309.79 OK
r-devel-linux-x86_64-fedora-gcc 0.1.3 299.16 OK
r-devel-windows-x86_64 0.1.3 13.00 176.00 189.00 OK
r-patched-linux-x86_64 0.1.3 9.27 219.43 228.70 OK
r-release-linux-x86_64 0.1.3 12.56 212.35 224.91 OK
r-release-macos-arm64 0.1.3 88.00 OK
r-release-macos-x86_64 0.1.3 132.00 OK
r-release-windows-x86_64 0.1.3 13.00 182.00 195.00 OK
r-oldrel-macos-arm64 0.1.3 91.00 OK
r-oldrel-macos-x86_64 0.1.3 214.00 OK
r-oldrel-windows-x86_64 0.1.3 17.00 222.00 239.00 NOTE

Check Details

Version: 0.1.3
Check: package dependencies
Result: ERROR Packages required but not available: 'dplyr', 'purrr', 'ez', 'stringr', 'reshape2', 'tibble', 'ggplot2', 'BayesFactor', 'broom' Packages suggested but not available for checking: 'fastDummies', 'vctrs', 'tidyselect', 'tidyr', 'ggraph', 'testthat', 'cowplot' See section ‘The DESCRIPTION file’ in the ‘Writing R Extensions’ manual. Flavor: r-devel-linux-x86_64-debian-gcc

Version: 0.1.3
Check: HTML version of manual
Result: NOTE Encountered the following conversion/validation errors: 'CreateProcess' failed to run 'd:\rtools43\x86_64-w64-mingw32.static.posix\bin\tidy.exe -language en -qe --drop-empty-elements no D:\temp\Rtmpc3dOjZ\file3141066291fa' 'CreateProcess' failed to run 'd:\rtools43\x86_64-w64-mingw32.static.posix\bin\tidy.exe -language en -qe --drop-empty-elements no D:\temp\Rtmpc3dOjZ\file3141066291fa' 'CreateProcess' failed to run 'd:\rtools43\x86_64-w64-mingw32.static.posix\bin\tidy.exe -language en -qe --drop-empty-elements no D:\temp\Rtmpc3dOjZ\file3141066291fa' 'CreateProcess' failed to run 'd:\rtools43\x86_64-w64-mingw32.static.posix\bin\tidy.exe -language en -qe --drop-empty-elements no D:\temp\Rtmpc3dOjZ\file3141066291fa' Flavor: r-oldrel-windows-x86_64