Last updated on 2025-01-19 04:49:01 CET.
Flavor | Version | Tinstall | Tcheck | Ttotal | Status | Flags |
---|---|---|---|---|---|---|
r-devel-linux-x86_64-debian-clang | 0.8.8.2 | 41.01 | 238.86 | 279.87 | OK | |
r-devel-linux-x86_64-debian-gcc | 0.8.8.2 | 28.12 | 160.11 | 188.23 | OK | |
r-devel-linux-x86_64-fedora-clang | 0.8.8.2 | 444.79 | OK | |||
r-devel-linux-x86_64-fedora-gcc | 0.8.8.2 | 483.03 | OK | |||
r-devel-windows-x86_64 | 0.8.8.2 | 42.00 | 247.00 | 289.00 | OK | |
r-patched-linux-x86_64 | 0.8.8.2 | 37.70 | 223.06 | 260.76 | OK | |
r-release-linux-x86_64 | 0.8.8.2 | 40.03 | 220.17 | 260.20 | OK | |
r-release-macos-arm64 | 0.8.8.2 | 123.00 | NOTE | |||
r-release-macos-x86_64 | 0.8.8.2 | 368.00 | NOTE | |||
r-release-windows-x86_64 | 0.8.8.2 | 41.00 | 243.00 | 284.00 | OK | |
r-oldrel-macos-arm64 | 0.8.8.2 | 254.00 | NOTE | |||
r-oldrel-macos-x86_64 | 0.8.8.2 | 359.00 | NOTE | |||
r-oldrel-windows-x86_64 | 0.8.8.2 | 54.00 | 310.00 | 364.00 | OK |
Version: 0.8.8.2
Check: installed package size
Result: NOTE
installed size is 10.0Mb
sub-directories of 1Mb or more:
doc 1.5Mb
libs 7.2Mb
Flavors: r-release-macos-arm64, r-release-macos-x86_64, r-oldrel-macos-arm64, r-oldrel-macos-x86_64