CRAN Package Check Results for Package mthapower

Last updated on 2024-06-20 16:49:29 CEST.

Flavor Version Tinstall Tcheck Ttotal Status Flags
r-devel-linux-x86_64-debian-clang 0.1.1 1.82 20.81 22.63 NOTE
r-devel-linux-x86_64-debian-gcc 0.1.1 1.45 16.43 17.88 NOTE
r-devel-linux-x86_64-fedora-clang 0.1.1 28.71 NOTE
r-devel-linux-x86_64-fedora-gcc 0.1.1 26.87 NOTE
r-devel-windows-x86_64 0.1.1 2.00 37.00 39.00 NOTE
r-patched-linux-x86_64 0.1.1 2.24 20.39 22.63 NOTE
r-release-linux-x86_64 0.1.1 2.11 20.12 22.23 NOTE
r-release-macos-arm64 0.1.1 13.00 NOTE
r-release-macos-x86_64 0.1.1 22.00 NOTE
r-release-windows-x86_64 0.1.1 2.00 39.00 41.00 NOTE
r-oldrel-macos-arm64 0.1.1 16.00 NOTE
r-oldrel-macos-x86_64 0.1.1 19.00 NOTE
r-oldrel-windows-x86_64 0.1.1 3.00 38.00 41.00 NOTE

Check Details

Version: 0.1.1
Check: LazyData
Result: NOTE 'LazyData' is specified without a 'data' directory Flavors: r-devel-linux-x86_64-debian-clang, r-devel-linux-x86_64-debian-gcc, r-devel-linux-x86_64-fedora-clang, r-devel-linux-x86_64-fedora-gcc, r-devel-windows-x86_64, r-patched-linux-x86_64, r-release-linux-x86_64, r-release-macos-arm64, r-release-macos-x86_64, r-release-windows-x86_64, r-oldrel-macos-arm64, r-oldrel-macos-x86_64, r-oldrel-windows-x86_64