CRAN Package Check Results for Package mlr3spatiotempcv

Last updated on 2024-07-21 04:53:27 CEST.

Flavor Version Tinstall Tcheck Ttotal Status Flags
r-devel-linux-x86_64-debian-clang 2.3.1 18.35 317.47 335.82 OK
r-devel-linux-x86_64-debian-gcc 2.3.1 14.83 244.85 259.68 OK
r-devel-linux-x86_64-fedora-clang 2.3.1 436.55 OK
r-devel-linux-x86_64-fedora-gcc 2.3.1 426.42 OK
r-devel-windows-x86_64 2.3.1 19.00 203.00 222.00 NOTE
r-patched-linux-x86_64 2.3.1 25.88 328.83 354.71 OK
r-release-linux-x86_64 2.3.1 19.60 331.75 351.35 OK
r-release-macos-arm64 2.3.1 135.00 OK
r-release-macos-x86_64 2.3.1 177.00 OK
r-release-windows-x86_64 2.3.1 18.00 204.00 222.00 OK
r-oldrel-macos-arm64 2.3.1 134.00 OK
r-oldrel-macos-x86_64 2.3.1 246.00 OK
r-oldrel-windows-x86_64 2.3.1 24.00 278.00 302.00 OK

Check Details

Version: 2.3.1
Check: Rd cross-references
Result: NOTE Found the following Rd file(s) with Rd \link{} targets missing package anchors: TaskClassifST.Rd: Task, TaskSupervised, DataBackend, DataBackendDataTable, convert_task TaskRegrST.Rd: Task, TaskSupervised, DataBackend, DataBackendDataTable, convert_task as_task_classif_st.Rd: DataBackend, TaskRegr, convert_task as_task_regr_st.Rd: DataBackend, TaskClassif, convert_task autoplot.ResamplingCV.Rd: ResamplingCV, ResamplingRepeatedCV autoplot.ResamplingCustomCV.Rd: ResamplingCustomCV autoplot.ResamplingSpCVBlock.Rd: ggplot mlr_resamplings_repeated_spcv_block.Rd: Task mlr_resamplings_repeated_spcv_coords.Rd: Task mlr_resamplings_repeated_spcv_disc.Rd: Task mlr_resamplings_repeated_spcv_env.Rd: Task mlr_resamplings_repeated_spcv_knndm.Rd: Task mlr_resamplings_repeated_spcv_tiles.Rd: Task mlr_resamplings_repeated_sptcv_cstf.Rd: Task mlr_resamplings_spcv_block.Rd: Task mlr_resamplings_spcv_buffer.Rd: Task mlr_resamplings_spcv_coords.Rd: Task mlr_resamplings_spcv_disc.Rd: Task mlr_resamplings_spcv_env.Rd: Task mlr_resamplings_spcv_knndm.Rd: Task mlr_resamplings_spcv_tiles.Rd: Task mlr_resamplings_sptcv_cstf.Rd: Task mlr_tasks_cookfarm_mlr3.Rd: TaskRegr, Task, mlr_tasks mlr_tasks_diplodia.Rd: TaskClassif, Task, mlr_tasks mlr_tasks_ecuador.Rd: TaskClassif, Task, mlr_tasks Please provide package anchors for all Rd \link{} targets not in the package itself and the base packages. Flavor: r-devel-windows-x86_64