CRAN Package Check Results for Package mlr3spatial

Last updated on 2024-07-14 04:52:18 CEST.

Flavor Version Tinstall Tcheck Ttotal Status Flags
r-devel-linux-x86_64-debian-clang 0.5.0 35.77 392.48 428.25 OK
r-devel-linux-x86_64-debian-gcc 0.5.0 25.85 284.25 310.10 OK
r-devel-linux-x86_64-fedora-clang 0.5.0 446.04 OK
r-devel-linux-x86_64-fedora-gcc 0.5.0 462.74 OK
r-devel-windows-x86_64 0.5.0 23.00 235.00 258.00 NOTE
r-patched-linux-x86_64 0.5.0 28.79 382.67 411.46 OK
r-release-linux-x86_64 0.5.0 32.44 372.73 405.17 OK
r-release-macos-arm64 0.5.0 119.00 OK
r-release-macos-x86_64 0.5.0 200.00 OK
r-release-windows-x86_64 0.5.0 24.00 239.00 263.00 OK
r-oldrel-macos-arm64 0.5.0 137.00 OK
r-oldrel-macos-x86_64 0.5.0 330.00 OK
r-oldrel-windows-x86_64 0.5.0 32.00 335.00 367.00 OK

Check Details

Version: 0.5.0
Check: Rd cross-references
Result: NOTE Found the following Rd file(s) with Rd \link{} targets missing package anchors: TaskClassifST.Rd: TaskClassif, DataBackend, DataBackendDataTable, convert_task TaskRegrST.Rd: TaskRegr, DataBackend, DataBackendDataTable, convert_task as_data_backend.Rd: DataBackend as_task_classif_st.Rd: DataBackend, TaskRegr, convert_task as_task_regr_st.Rd: DataBackend, TaskClassif, convert_task predict_spatial.Rd: Learner Please provide package anchors for all Rd \link{} targets not in the package itself and the base packages. Flavor: r-devel-windows-x86_64