Last updated on 2025-01-21 16:50:14 CET.
Flavor | Version | Tinstall | Tcheck | Ttotal | Status | Flags |
---|---|---|---|---|---|---|
r-devel-linux-x86_64-debian-clang | 0.2.1 | 63.18 | 816.43 | 879.61 | OK | |
r-devel-linux-x86_64-debian-gcc | 0.2.1 | 46.51 | 505.73 | 552.24 | OK | |
r-devel-linux-x86_64-fedora-clang | 0.2.1 | 1509.82 | OK | |||
r-devel-linux-x86_64-fedora-gcc | 0.2.1 | 1419.56 | OK | |||
r-devel-windows-x86_64 | 0.2.1 | 68.00 | 519.00 | 587.00 | OK | |
r-patched-linux-x86_64 | 0.2.1 | 65.78 | 762.67 | 828.45 | OK | |
r-release-linux-x86_64 | 0.2.1 | 58.94 | 769.50 | 828.44 | OK | |
r-release-macos-arm64 | 0.2.1 | 275.00 | NOTE | |||
r-release-macos-x86_64 | 0.2.1 | 456.00 | NOTE | |||
r-release-windows-x86_64 | 0.2.1 | 71.00 | 522.00 | 593.00 | OK | |
r-oldrel-macos-arm64 | 0.2.1 | 502.00 | NOTE | |||
r-oldrel-macos-x86_64 | 0.2.1 | 633.00 | NOTE | |||
r-oldrel-windows-x86_64 | 0.2.1 | 85.00 | 767.00 | 852.00 | OK |
Version: 0.2.1
Check: installed package size
Result: NOTE
installed size is 8.0Mb
sub-directories of 1Mb or more:
data 2.0Mb
libs 4.4Mb
Flavors: r-release-macos-arm64, r-release-macos-x86_64, r-oldrel-macos-arm64, r-oldrel-macos-x86_64