CRAN Package Check Results for Package mixvlmc

Last updated on 2024-07-17 16:52:22 CEST.

Flavor Version Tinstall Tcheck Ttotal Status Flags
r-devel-linux-x86_64-debian-clang 0.2.1 115.53 1092.88 1208.41 OK
r-devel-linux-x86_64-debian-gcc 0.2.1 80.01 762.22 842.23 OK
r-devel-linux-x86_64-fedora-clang 0.2.1 1495.99 OK
r-devel-linux-x86_64-fedora-gcc 0.2.1 1422.44 OK
r-devel-windows-x86_64 0.2.1 92.00 528.00 620.00 OK
r-patched-linux-x86_64 0.2.1 98.87 1025.24 1124.11 OK
r-release-linux-x86_64 0.2.1 101.36 1036.20 1137.56 OK
r-release-macos-arm64 0.2.1 275.00 NOTE
r-release-macos-x86_64 0.2.1 456.00 NOTE
r-release-windows-x86_64 0.2.1 94.00 526.00 620.00 OK
r-oldrel-macos-arm64 0.2.1 502.00 NOTE
r-oldrel-macos-x86_64 0.2.1 633.00 NOTE
r-oldrel-windows-x86_64 0.2.1 117.00 748.00 865.00 OK

Check Details

Version: 0.2.1
Check: installed package size
Result: NOTE installed size is 8.0Mb sub-directories of 1Mb or more: data 2.0Mb libs 4.4Mb Flavors: r-release-macos-arm64, r-release-macos-x86_64, r-oldrel-macos-arm64, r-oldrel-macos-x86_64