CRAN Package Check Results for Package metafuse

Last updated on 2024-06-14 05:00:25 CEST.

Flavor Version Tinstall Tcheck Ttotal Status Flags
r-devel-linux-x86_64-debian-clang 2.0-1 6.60 79.05 85.65 NOTE
r-devel-linux-x86_64-debian-gcc 2.0-1 7.18 58.93 66.11 NOTE
r-devel-linux-x86_64-fedora-clang 2.0-1 106.43 NOTE
r-devel-linux-x86_64-fedora-gcc 2.0-1 102.94 NOTE
r-devel-windows-x86_64 2.0-1 7.00 71.00 78.00 NOTE
r-patched-linux-x86_64 2.0-1 7.92 74.85 82.77 NOTE
r-release-linux-x86_64 2.0-1 7.01 76.73 83.74 NOTE
r-release-macos-arm64 2.0-1 34.00 NOTE
r-release-macos-x86_64 2.0-1 49.00 NOTE
r-release-windows-x86_64 2.0-1 8.00 75.00 83.00 NOTE
r-oldrel-macos-arm64 2.0-1 37.00 OK
r-oldrel-macos-x86_64 2.0-1 59.00 OK
r-oldrel-windows-x86_64 2.0-1 9.00 87.00 96.00 OK

Check Details

Version: 2.0-1
Check: Rd files
Result: NOTE checkRd: (-1) datagenerator.Rd:17: Lost braces; missing escapes or markup? 17 | Returns data frame with \code{n*K} rows (if \code{n} is a scalar), or \code{sum(n)} rows (if \code{n} is a \code{K}-element vector). The data frame contains columns "y", "x1", \dots, "x_{p-1}" and "group" if \code{family="gaussian"}, \code{"binomial"} or \code{"poisson"}; or contains columns "time", "status", "x1", \dots, "x_{p-1}" and "group" if \code{family="cox"}. | ^ checkRd: (-1) datagenerator.Rd:17: Lost braces; missing escapes or markup? 17 | Returns data frame with \code{n*K} rows (if \code{n} is a scalar), or \code{sum(n)} rows (if \code{n} is a \code{K}-element vector). The data frame contains columns "y", "x1", \dots, "x_{p-1}" and "group" if \code{family="gaussian"}, \code{"binomial"} or \code{"poisson"}; or contains columns "time", "status", "x1", \dots, "x_{p-1}" and "group" if \code{family="cox"}. | ^ Flavors: r-devel-linux-x86_64-debian-clang, r-devel-linux-x86_64-debian-gcc, r-devel-linux-x86_64-fedora-clang, r-devel-linux-x86_64-fedora-gcc, r-devel-windows-x86_64, r-patched-linux-x86_64, r-release-linux-x86_64, r-release-macos-arm64, r-release-macos-x86_64, r-release-windows-x86_64