CRAN Package Check Results for Package metaBLUE

Last updated on 2025-01-21 04:48:31 CET.

Flavor Version Tinstall Tcheck Ttotal Status Flags
r-devel-linux-x86_64-debian-clang 1.0.0 5.74 49.22 54.96 OK
r-devel-linux-x86_64-debian-gcc 1.0.0 3.96 36.55 40.51 OK
r-devel-linux-x86_64-fedora-clang 1.0.0 90.57 OK
r-devel-linux-x86_64-fedora-gcc 1.0.0 85.14 OK
r-devel-windows-x86_64 1.0.0 7.00 62.00 69.00 OK
r-patched-linux-x86_64 1.0.0 5.84 45.91 51.75 NOTE
r-release-linux-x86_64 1.0.0 6.17 45.63 51.80 NOTE
r-release-macos-arm64 1.0.0 27.00 NOTE
r-release-macos-x86_64 1.0.0 66.00 NOTE
r-release-windows-x86_64 1.0.0 6.00 141.00 147.00 NOTE
r-oldrel-macos-arm64 1.0.0 29.00 NOTE
r-oldrel-macos-x86_64 1.0.0 48.00 NOTE
r-oldrel-windows-x86_64 1.0.0 7.00 65.00 72.00 NOTE

Check Details

Version: 1.0.0
Check: LazyData
Result: NOTE 'LazyData' is specified without a 'data' directory Flavors: r-patched-linux-x86_64, r-release-linux-x86_64, r-release-macos-arm64, r-release-macos-x86_64, r-release-windows-x86_64, r-oldrel-macos-arm64, r-oldrel-macos-x86_64, r-oldrel-windows-x86_64