CRAN Package Check Results for Package metaBLUE

Last updated on 2024-07-21 16:52:16 CEST.

Flavor Version Tinstall Tcheck Ttotal Status Flags
r-devel-linux-x86_64-debian-clang 1.0.0 5.65 62.54 68.19 NOTE
r-devel-linux-x86_64-debian-gcc 1.0.0 5.83 47.22 53.05 NOTE
r-devel-linux-x86_64-fedora-clang 1.0.0 85.99 NOTE
r-devel-linux-x86_64-fedora-gcc 1.0.0 92.26 NOTE
r-devel-windows-x86_64 1.0.0 7.00 61.00 68.00 NOTE
r-patched-linux-x86_64 1.0.0 8.16 59.02 67.18 NOTE
r-release-linux-x86_64 1.0.0 7.97 59.81 67.78 NOTE
r-release-macos-arm64 1.0.0 27.00 NOTE
r-release-macos-x86_64 1.0.0 66.00 NOTE
r-release-windows-x86_64 1.0.0 6.00 61.00 67.00 NOTE
r-oldrel-macos-arm64 1.0.0 29.00 NOTE
r-oldrel-macos-x86_64 1.0.0 48.00 NOTE
r-oldrel-windows-x86_64 1.0.0 8.00 71.00 79.00 NOTE

Check Details

Version: 1.0.0
Check: LazyData
Result: NOTE 'LazyData' is specified without a 'data' directory Flavors: r-devel-linux-x86_64-debian-clang, r-devel-linux-x86_64-debian-gcc, r-devel-linux-x86_64-fedora-clang, r-devel-linux-x86_64-fedora-gcc, r-devel-windows-x86_64, r-patched-linux-x86_64, r-release-linux-x86_64, r-release-macos-arm64, r-release-macos-x86_64, r-release-windows-x86_64, r-oldrel-macos-arm64, r-oldrel-macos-x86_64, r-oldrel-windows-x86_64