CRAN Package Check Results for Package memisc

Last updated on 2024-06-14 05:00:24 CEST.

Flavor Version Tinstall Tcheck Ttotal Status Flags
r-devel-linux-x86_64-debian-clang 0.99.31.7 41.35 192.12 233.47 OK
r-devel-linux-x86_64-debian-gcc 0.99.31.7 31.18 139.25 170.43 NOTE
r-devel-linux-x86_64-fedora-clang 0.99.31.7 294.66 NOTE
r-devel-linux-x86_64-fedora-gcc 0.99.31.7 288.08 OK
r-devel-windows-x86_64 0.99.31.7 35.00 159.00 194.00 NOTE
r-patched-linux-x86_64 0.99.31.7 41.64 181.66 223.30 OK
r-release-linux-x86_64 0.99.31.7 39.71 185.93 225.64 OK
r-release-macos-arm64 0.99.31.7 74.00 NOTE
r-release-macos-x86_64 0.99.31.7 154.00 NOTE
r-release-windows-x86_64 0.99.31.7 36.00 160.00 196.00 NOTE
r-oldrel-macos-arm64 0.99.31.7 101.00 NOTE
r-oldrel-macos-x86_64 0.99.31.7 252.00 NOTE
r-oldrel-windows-x86_64 0.99.31.7 41.00 194.00 235.00 NOTE

Check Details

Version: 0.99.31.7
Check: package dependencies
Result: NOTE Packages which this enhances but not available for checking: 'AER', 'car', 'lme4', 'tibble', 'haven' Flavor: r-devel-linux-x86_64-debian-gcc

Version: 0.99.31.7
Check: installed package size
Result: NOTE installed size is 5.4Mb sub-directories of 1Mb or more: R 1.4Mb doc 3.1Mb Flavors: r-devel-linux-x86_64-fedora-clang, r-devel-windows-x86_64, r-release-macos-arm64, r-release-macos-x86_64, r-release-windows-x86_64, r-oldrel-macos-arm64, r-oldrel-macos-x86_64, r-oldrel-windows-x86_64