CRAN Package Check Results for Package melt

Last updated on 2024-06-13 04:52:31 CEST.

Flavor Version Tinstall Tcheck Ttotal Status Flags
r-devel-linux-x86_64-debian-clang 1.11.4 453.73 524.45 978.18 OK
r-devel-linux-x86_64-debian-gcc 1.11.4 311.57 81.56 393.13 ERROR
r-devel-linux-x86_64-fedora-clang 1.11.4 1262.93 OK
r-devel-linux-x86_64-fedora-gcc 1.11.4 1357.64 OK
r-devel-windows-x86_64 1.11.4 283.00 586.00 869.00 OK
r-patched-linux-x86_64 1.11.4 382.60 551.24 933.84 OK
r-release-linux-x86_64 1.11.4 379.70 533.29 912.99 OK
r-release-macos-arm64 1.11.4 336.00 NOTE
r-release-macos-x86_64 1.11.4 387.00 WARN
r-release-windows-x86_64 1.11.4 288.00 581.00 869.00 OK
r-oldrel-macos-arm64 1.11.4 317.00 NOTE
r-oldrel-macos-x86_64 1.11.4 664.00 NOTE
r-oldrel-windows-x86_64 1.11.4 366.00 629.00 995.00 OK

Check Details

Version: 1.11.4
Check: package dependencies
Result: NOTE Packages suggested but not available for checking: 'car', 'dplyr', 'ggplot2', 'ggridges', 'testthat' Flavor: r-devel-linux-x86_64-debian-gcc

Version: 1.11.4
Check: tests
Result: ERROR Running ‘spelling.R’ [0s/1s] Running ‘testthat.R’ [0s/1s] Running the tests in ‘tests/testthat.R’ failed. Complete output: > library(testthat) Error in library(testthat) : there is no package called 'testthat' Execution halted Flavor: r-devel-linux-x86_64-debian-gcc

Version: 1.11.4
Check: re-building of vignette outputs
Result: ERROR Error(s) in re-building vignettes: ... --- re-building ‘model.Rmd’ using rmarkdown --- finished re-building ‘model.Rmd’ --- re-building ‘performance.Rmd’ using rmarkdown Quitting from lines 39-51 [unnamed-chunk-3] (performance.Rmd) Error: processing vignette 'performance.Rmd' failed with diagnostics: there is no package called 'ggplot2' --- failed re-building ‘performance.Rmd’ --- re-building ‘article.Rnw’ using knitr Quitting from lines 863-869 [data] (article.Rnw) Error: processing vignette 'article.Rnw' failed with diagnostics: there is no package called 'dplyr' --- failed re-building ‘article.Rnw’ SUMMARY: processing the following files failed: ‘performance.Rmd’ ‘article.Rnw’ Error: Vignette re-building failed. Execution halted Flavor: r-devel-linux-x86_64-debian-gcc

Version: 1.11.4
Check: installed package size
Result: NOTE installed size is 155.5Mb sub-directories of 1Mb or more: libs 154.0Mb Flavors: r-release-macos-arm64, r-release-macos-x86_64, r-oldrel-macos-arm64, r-oldrel-macos-x86_64

Version: 1.11.4
Check: re-building of vignette outputs
Result: WARN Error(s) in re-building vignettes: --- re-building ‘model.Rmd’ using rmarkdown --- finished re-building ‘model.Rmd’ --- re-building ‘performance.Rmd’ using rmarkdown --- finished re-building ‘performance.Rmd’ --- re-building ‘article.Rnw’ using knitr Error: processing vignette 'article.Rnw' failed with diagnostics: Running 'texi2dvi' on 'article.tex' failed. LaTeX errors: ! Undefined control sequence. l.914 \hlkwd{library}\hldef {(}\hlsng{"melt"}\hldef{)} ? ! Emergency stop. ! Emergency stop. l.914 End of file on the terminal! ! ==> Fatal error occurred, no output PDF file produced! --- failed re-building ‘article.Rnw’ SUMMARY: processing the following file failed: ‘article.Rnw’ Error: Vignette re-building failed. Execution halted Flavor: r-release-macos-x86_64