CRAN Package Check Results for Package mcclust

Last updated on 2024-05-27 16:56:50 CEST.

Flavor Version Tinstall Tcheck Ttotal Status Flags
r-devel-linux-x86_64-debian-clang 1.0.1 3.61 35.25 38.86 OK
r-devel-linux-x86_64-debian-gcc 1.0.1 2.43 27.24 29.67 OK
r-devel-linux-x86_64-fedora-clang 1.0.1 47.30 NOTE
r-devel-linux-x86_64-fedora-gcc 1.0.1 47.45 NOTE
r-devel-windows-x86_64 1.0.1 6.00 54.00 60.00 OK
r-patched-linux-x86_64 1.0.1 3.62 35.08 38.70 OK
r-release-linux-x86_64 1.0.1 3.14 34.13 37.27 OK
r-release-macos-arm64 1.0.1 22.00 OK
r-release-windows-x86_64 1.0.1 6.00 54.00 60.00 OK
r-oldrel-macos-arm64 1.0.1 22.00 OK
r-oldrel-macos-x86_64 1.0.1 30.00 OK
r-oldrel-windows-x86_64 1.0.1 6.00 58.00 64.00 OK

Check Details

Version: 1.0.1
Check: compiled code
Result: NOTE File ‘mcclust/libs/mcclust.so’: Found no calls to: ‘R_registerRoutines’, ‘R_useDynamicSymbols’ It is good practice to register native routines and to disable symbol search. See ‘Writing portable packages’ in the ‘Writing R Extensions’ manual. Flavors: r-devel-linux-x86_64-fedora-clang, r-devel-linux-x86_64-fedora-gcc