CRAN Package Check Results for Package matlib

Last updated on 2024-06-13 04:52:30 CEST.

Flavor Version Tinstall Tcheck Ttotal Status Flags
r-devel-linux-x86_64-debian-clang 0.9.6 7.67 105.25 112.92 NOTE
r-devel-linux-x86_64-debian-gcc 0.9.6 0.40 1.83 2.23 ERROR
r-devel-linux-x86_64-fedora-clang 0.9.6 145.59 NOTE
r-devel-linux-x86_64-fedora-gcc 0.9.6 149.33 NOTE
r-devel-windows-x86_64 0.9.6 9.00 109.00 118.00 NOTE
r-patched-linux-x86_64 0.9.6 8.81 99.30 108.11 NOTE
r-release-linux-x86_64 0.9.6 8.93 99.15 108.08 NOTE
r-release-macos-arm64 0.9.6 54.00 NOTE
r-release-macos-x86_64 0.9.6 76.00 NOTE
r-release-windows-x86_64 0.9.6 9.00 108.00 117.00 NOTE
r-oldrel-macos-arm64 0.9.6 55.00 OK
r-oldrel-macos-x86_64 0.9.6 86.00 OK
r-oldrel-windows-x86_64 0.9.6 11.00 121.00 132.00 OK

Check Details

Version: 0.9.6
Check: Rd files
Result: NOTE checkRd: (-1) vectors3d.Rd:86: Lost braces 86 | \code{\link{arrows3d}}, code{\link[rgl]{texts3d}}, code{\link[rgl]{rgl.material}} | ^ checkRd: (-1) vectors3d.Rd:86: Lost braces 86 | \code{\link{arrows3d}}, code{\link[rgl]{texts3d}}, code{\link[rgl]{rgl.material}} | ^ Flavors: r-devel-linux-x86_64-debian-clang, r-devel-linux-x86_64-fedora-clang, r-devel-linux-x86_64-fedora-gcc, r-devel-windows-x86_64, r-patched-linux-x86_64, r-release-linux-x86_64, r-release-macos-arm64, r-release-macos-x86_64, r-release-windows-x86_64

Version: 0.9.6
Check: package dependencies
Result: ERROR Package required but not available: ‘car’ See section ‘The DESCRIPTION file’ in the ‘Writing R Extensions’ manual. Flavor: r-devel-linux-x86_64-debian-gcc