CRAN Package Check Results for Package mapchina

Last updated on 2024-07-24 16:53:53 CEST.

Flavor Version Tinstall Tcheck Ttotal Status Flags
r-devel-linux-x86_64-debian-clang 0.1.0 5.01 42.44 47.45 OK
r-devel-linux-x86_64-debian-gcc 0.1.0 3.18 33.20 36.38 OK
r-devel-linux-x86_64-fedora-clang 0.1.0 58.64 NOTE
r-devel-linux-x86_64-fedora-gcc 0.1.0 55.60 NOTE
r-devel-windows-x86_64 0.1.0 5.00 50.00 55.00 OK
r-patched-linux-x86_64 0.1.0 4.85 41.82 46.67 OK
r-release-linux-x86_64 0.1.0 5.41 40.57 45.98 OK
r-release-macos-arm64 0.1.0 22.00 OK
r-release-macos-x86_64 0.1.0 31.00 OK
r-release-windows-x86_64 0.1.0 6.00 57.00 63.00 OK
r-oldrel-macos-arm64 0.1.0 27.00 OK
r-oldrel-macos-x86_64 0.1.0 39.00 OK
r-oldrel-windows-x86_64 0.1.0 6.00 57.00 63.00 OK

Check Details

Version: 0.1.0
Check: data for non-ASCII characters
Result: NOTE Note: found 11396 marked UTF-8 strings Flavors: r-devel-linux-x86_64-fedora-clang, r-devel-linux-x86_64-fedora-gcc