CRAN Package Check Results for Package mDAG

Last updated on 2025-04-22 16:51:59 CEST.

Flavor Version Tinstall Tcheck Ttotal Status Flags
r-devel-linux-x86_64-debian-clang 1.2.2 40.41 139.53 179.94 NOTE
r-devel-linux-x86_64-debian-gcc 1.2.2 28.10 101.79 129.89 NOTE
r-devel-linux-x86_64-fedora-clang 1.2.2 315.57 NOTE
r-devel-linux-x86_64-fedora-gcc 1.2.2 275.98 NOTE
r-devel-windows-x86_64 1.2.2 46.00 187.00 233.00 NOTE
r-patched-linux-x86_64 1.2.2 34.35 134.39 168.74 NOTE
r-release-linux-x86_64 1.2.2 37.94 134.67 172.61 NOTE
r-release-macos-arm64 1.2.2 72.00 NOTE
r-release-macos-x86_64 1.2.2 169.00 NOTE
r-release-windows-x86_64 1.2.2 42.00 160.00 202.00 NOTE
r-oldrel-macos-arm64 1.2.2 78.00 NOTE
r-oldrel-macos-x86_64 1.2.2 113.00 NOTE
r-oldrel-windows-x86_64 1.2.2 55.00 202.00 257.00 NOTE

Check Details

Version: 1.2.2
Check: C++ specification
Result: NOTE Specified C++11: please drop specification unless essential Flavors: r-devel-linux-x86_64-debian-clang, r-devel-linux-x86_64-debian-gcc, r-devel-linux-x86_64-fedora-clang, r-devel-linux-x86_64-fedora-gcc, r-devel-windows-x86_64, r-patched-linux-x86_64, r-release-linux-x86_64, r-release-macos-arm64, r-release-macos-x86_64, r-release-windows-x86_64, r-oldrel-macos-arm64, r-oldrel-macos-x86_64, r-oldrel-windows-x86_64