CRAN Package Check Results for Package lmmpar

Last updated on 2024-05-21 05:00:52 CEST.

Flavor Version Tinstall Tcheck Ttotal Status Flags
r-devel-linux-x86_64-debian-clang 0.1.0 2.33 34.39 36.72 NOTE
r-devel-linux-x86_64-debian-gcc 0.1.0 1.76 27.12 28.88 NOTE
r-devel-linux-x86_64-fedora-clang 0.1.0 46.69 NOTE
r-devel-linux-x86_64-fedora-gcc 0.1.0 44.25 NOTE
r-devel-windows-x86_64 0.1.0 3.00 52.00 55.00 NOTE
r-patched-linux-x86_64 0.1.0 1.72 33.10 34.82 NOTE
r-release-linux-x86_64 0.1.0 1.36 34.19 35.55 NOTE
r-release-macos-arm64 0.1.0 20.00 NOTE
r-release-windows-x86_64 0.1.0 3.00 54.00 57.00 NOTE
r-oldrel-macos-arm64 0.1.0 20.00 NOTE
r-oldrel-macos-x86_64 0.1.0 26.00 NOTE
r-oldrel-windows-x86_64 0.1.0 3.00 54.00 57.00 NOTE

Check Details

Version: 0.1.0
Check: LazyData
Result: NOTE 'LazyData' is specified without a 'data' directory Flavors: r-devel-linux-x86_64-debian-clang, r-devel-linux-x86_64-debian-gcc, r-devel-linux-x86_64-fedora-clang, r-devel-linux-x86_64-fedora-gcc, r-devel-windows-x86_64, r-patched-linux-x86_64, r-release-linux-x86_64, r-release-macos-arm64, r-release-windows-x86_64, r-oldrel-macos-arm64, r-oldrel-macos-x86_64, r-oldrel-windows-x86_64

Version: 0.1.0
Check: dependencies in R code
Result: NOTE Namespace in Imports field not imported from: ‘mnormt’ All declared Imports should be used. Flavors: r-devel-linux-x86_64-fedora-clang, r-devel-linux-x86_64-fedora-gcc