CRAN Package Check Results for Package link2GI

Last updated on 2024-07-17 16:52:21 CEST.

Flavor Version Tinstall Tcheck Ttotal Status Flags
r-devel-linux-x86_64-debian-clang 0.6-1 9.16 118.79 127.95 OK
r-devel-linux-x86_64-debian-gcc 0.6-1 9.54 86.58 96.12 OK
r-devel-linux-x86_64-fedora-clang 0.6-1 165.77 OK
r-devel-linux-x86_64-fedora-gcc 0.6-1 169.88 OK
r-devel-windows-x86_64 0.6-1 12.00 107.00 119.00 NOTE
r-patched-linux-x86_64 0.6-1 15.12 114.60 129.72 OK
r-release-linux-x86_64 0.6-1 8.25 114.29 122.54 OK
r-release-macos-arm64 0.6-1 61.00 OK
r-release-macos-x86_64 0.6-1 103.00 OK
r-release-windows-x86_64 0.6-1 11.00 106.00 117.00 OK
r-oldrel-macos-arm64 0.6-1 61.00 OK
r-oldrel-macos-x86_64 0.6-1 104.00 OK
r-oldrel-windows-x86_64 0.6-1 16.00 127.00 143.00 OK

Check Details

Version: 0.6-1
Check: Rd cross-references
Result: NOTE Found the following Rd file(s) with Rd \link{} targets missing package anchors: gvec2sf.Rd: sf manuallyBuild.Rd: roxygenize Please provide package anchors for all Rd \link{} targets not in the package itself and the base packages. Flavor: r-devel-windows-x86_64