CRAN Package Check Results for Package lineartestr

Last updated on 2024-07-14 04:52:16 CEST.

Flavor Version Tinstall Tcheck Ttotal Status Flags
r-devel-linux-x86_64-debian-clang 1.0.0 2.13 37.65 39.78 NOTE
r-devel-linux-x86_64-debian-gcc 1.0.0 2.26 29.15 31.41 NOTE
r-devel-linux-x86_64-fedora-clang 1.0.0 52.05 NOTE
r-devel-linux-x86_64-fedora-gcc 1.0.0 48.44 NOTE
r-devel-windows-x86_64 1.0.0 4.00 58.00 62.00 NOTE
r-patched-linux-x86_64 1.0.0 3.01 36.42 39.43 NOTE
r-release-linux-x86_64 1.0.0 1.56 37.65 39.21 NOTE
r-release-macos-arm64 1.0.0 21.00 NOTE
r-release-macos-x86_64 1.0.0 30.00 NOTE
r-release-windows-x86_64 1.0.0 5.00 59.00 64.00 NOTE
r-oldrel-macos-arm64 1.0.0 20.00 NOTE
r-oldrel-macos-x86_64 1.0.0 28.00 NOTE
r-oldrel-windows-x86_64 1.0.0 4.00 60.00 64.00 NOTE

Check Details

Version: 1.0.0
Check: LazyData
Result: NOTE 'LazyData' is specified without a 'data' directory Flavors: r-devel-linux-x86_64-debian-clang, r-devel-linux-x86_64-debian-gcc, r-devel-linux-x86_64-fedora-clang, r-devel-linux-x86_64-fedora-gcc, r-devel-windows-x86_64, r-patched-linux-x86_64, r-release-linux-x86_64, r-release-macos-arm64, r-release-macos-x86_64, r-release-windows-x86_64, r-oldrel-macos-arm64, r-oldrel-macos-x86_64, r-oldrel-windows-x86_64