CRAN Package Check Results for Package lest

Last updated on 2024-07-18 16:49:09 CEST.

Flavor Version Tinstall Tcheck Ttotal Status Flags
r-devel-linux-x86_64-debian-clang 1.1.0 3.28 25.59 28.87 NOTE
r-devel-linux-x86_64-debian-gcc 1.1.0 2.50 19.39 21.89 NOTE
r-devel-linux-x86_64-fedora-clang 1.1.0 37.67 NOTE
r-devel-linux-x86_64-fedora-gcc 1.1.0 35.23 NOTE
r-devel-windows-x86_64 1.1.0 5.00 44.00 49.00 NOTE
r-patched-linux-x86_64 1.1.0 3.51 25.11 28.62 NOTE
r-release-linux-x86_64 1.1.0 3.50 24.19 27.69 NOTE
r-release-macos-arm64 1.1.0 17.00 NOTE
r-release-macos-x86_64 1.1.0 24.00 NOTE
r-release-windows-x86_64 1.1.0 6.00 44.00 50.00 NOTE
r-oldrel-macos-arm64 1.1.0 17.00 NOTE
r-oldrel-macos-x86_64 1.1.0 24.00 NOTE
r-oldrel-windows-x86_64 1.1.0 6.00 45.00 51.00 NOTE

Check Details

Version: 1.1.0
Check: LazyData
Result: NOTE 'LazyData' is specified without a 'data' directory Flavors: r-devel-linux-x86_64-debian-clang, r-devel-linux-x86_64-debian-gcc, r-devel-linux-x86_64-fedora-clang, r-devel-linux-x86_64-fedora-gcc, r-devel-windows-x86_64, r-patched-linux-x86_64, r-release-linux-x86_64, r-release-macos-arm64, r-release-macos-x86_64, r-release-windows-x86_64, r-oldrel-macos-arm64, r-oldrel-macos-x86_64, r-oldrel-windows-x86_64

Version: 1.1.0
Check: Rd cross-references
Result: NOTE Undeclared package ‘MESS’ in Rd xrefs Flavor: r-devel-linux-x86_64-fedora-clang