CRAN Package Check Results for Package leafgl

Last updated on 2024-07-22 16:57:17 CEST.

Flavor Version Tinstall Tcheck Ttotal Status Flags
r-devel-linux-x86_64-debian-clang 0.1.1 4.25 43.57 47.82 NOTE
r-devel-linux-x86_64-debian-gcc 0.1.1 3.18 33.48 36.66 NOTE
r-devel-linux-x86_64-fedora-clang 0.1.1 59.97 NOTE
r-devel-linux-x86_64-fedora-gcc 0.1.1 56.85 NOTE
r-devel-windows-x86_64 0.1.1 5.00 55.00 60.00 NOTE
r-patched-linux-x86_64 0.1.1 3.87 41.54 45.41 NOTE
r-release-linux-x86_64 0.1.1 4.19 42.97 47.16 NOTE
r-release-macos-arm64 0.1.1 22.00 NOTE
r-release-macos-x86_64 0.1.1 41.00 NOTE
r-release-windows-x86_64 0.1.1 5.00 57.00 62.00 NOTE
r-oldrel-macos-arm64 0.1.1 22.00 NOTE
r-oldrel-macos-x86_64 0.1.1 34.00 NOTE
r-oldrel-windows-x86_64 0.1.1 7.00 59.00 66.00 NOTE

Check Details

Version: 0.1.1
Check: LazyData
Result: NOTE 'LazyData' is specified without a 'data' directory Flavors: r-devel-linux-x86_64-debian-clang, r-devel-linux-x86_64-debian-gcc, r-devel-linux-x86_64-fedora-clang, r-devel-linux-x86_64-fedora-gcc, r-devel-windows-x86_64, r-patched-linux-x86_64, r-release-linux-x86_64, r-release-macos-arm64, r-release-macos-x86_64, r-release-windows-x86_64, r-oldrel-macos-arm64, r-oldrel-macos-x86_64, r-oldrel-windows-x86_64