CRAN Package Check Results for Package lcmm

Last updated on 2024-05-19 04:55:44 CEST.

Flavor Version Tinstall Tcheck Ttotal Status Flags
r-devel-linux-x86_64-debian-clang 2.1.0 165.73 327.31 493.04 NOTE
r-devel-linux-x86_64-debian-gcc 2.1.0 146.74 213.63 360.37 NOTE
r-devel-linux-x86_64-fedora-clang 2.1.0 593.79 NOTE
r-devel-linux-x86_64-fedora-gcc 2.1.0 667.94 NOTE
r-devel-windows-x86_64 2.1.0 133.00 199.00 332.00 NOTE
r-patched-linux-x86_64 2.1.0 173.90 296.04 469.94 NOTE
r-release-linux-x86_64 2.1.0 156.07 300.71 456.78 NOTE
r-release-macos-arm64 2.1.0 149.00 NOTE
r-release-windows-x86_64 2.1.0 135.00 201.00 336.00 NOTE
r-oldrel-macos-arm64 2.1.0 158.00 OK
r-oldrel-macos-x86_64 2.1.0 293.00 OK
r-oldrel-windows-x86_64 2.1.0 171.00 265.00 436.00 OK

Check Details

Version: 2.1.0
Check: Rd files
Result: NOTE checkRd: (-1) Jointlcmm.Rd:377: Lost braces; missing escapes or markup? 377 | logscale=TRUE where {M_j} is the basis of cubic M-splines. | ^ checkRd: (-1) externVar.Rd:123: Lost braces 123 | code{cor=BM(time)}. By default, no autocorrelated Gaussian process is added.} | ^ checkRd: (-1) hlme.Rd:154: Lost braces 154 | item{best}{vector of parameter estimates in the same order as | ^ checkRd: (-1) hlme.Rd:154-155: Lost braces 154 | item{best}{vector of parameter estimates in the same order as | ^ checkRd: (-1) lcmm.Rd:269: Lost braces; missing escapes or markup? 269 | following transformation b_1 + b_2*I_1(Y(t)) + ... + b_{n+2} I_{n+1}(Y(t)), | ^ checkRd: (-1) lcmm.Rd:269: Lost braces; missing escapes or markup? 269 | following transformation b_1 + b_2*I_1(Y(t)) + ... + b_{n+2} I_{n+1}(Y(t)), | ^ checkRd: (-1) lcmm.Rd:270: Lost braces; missing escapes or markup? 270 | where I_1,...,I_{n+1} is the basis of quadratic I-splines. To constraint the | ^ checkRd: (-1) lcmm.Rd:276: Lost braces; missing escapes or markup? 276 | transformation: Y(t)=c <=> b_c < L(t) <= b_{c+1} with b_0 = - infinity and | ^ checkRd: (-1) lcmm.Rd:277: Lost braces; missing escapes or markup? 277 | b_{C+1}=+infinity. The number of parameters is reduced if some levels do not | ^ checkRd: (-1) lcmm.Rd:279: Lost braces; missing escapes or markup? 279 | dataset, the corresponding threshold b_{c+1} is constrained to be the same | ^ checkRd: (-1) lcmm.Rd:280: Lost braces; missing escapes or markup? 280 | as the previous one b_{c}. The number of parameters in the link function is | ^ checkRd: (-1) lcmm.Rd:285: Lost braces; missing escapes or markup? 285 | b_{k}=b_{k-1}+(b_k^*)^2. | ^ checkRd: (-1) lcmm.Rd:285: Lost braces; missing escapes or markup? 285 | b_{k}=b_{k-1}+(b_k^*)^2. | ^ checkRd: (-1) multlcmm.Rd:322: Lost braces; missing escapes or markup? 322 | following transformation b_1 + b_2*I_1(Y(t)) + ... + b_{n+2} I_{n+1}(Y(t)), | ^ checkRd: (-1) multlcmm.Rd:322: Lost braces; missing escapes or markup? 322 | following transformation b_1 + b_2*I_1(Y(t)) + ... + b_{n+2} I_{n+1}(Y(t)), | ^ checkRd: (-1) multlcmm.Rd:323: Lost braces; missing escapes or markup? 323 | where I_1,...,I_{n+1} is the basis of quadratic I-splines. To constraint the | ^ checkRd: (-1) multlcmm.Rd:330: Lost braces; missing escapes or markup? 330 | Y(t)=c <=> b_c < L(t) <= b_{c+1} with b_0 = - infinity and b_{C+1}=+infinity. | ^ checkRd: (-1) multlcmm.Rd:330: Lost braces; missing escapes or markup? 330 | Y(t)=c <=> b_c < L(t) <= b_{c+1} with b_0 = - infinity and b_{C+1}=+infinity. | ^ checkRd: (-1) multlcmm.Rd:333: Lost braces; missing escapes or markup? 333 | b_{k}=b_{k-1}+(b_k^*)^2. | ^ checkRd: (-1) multlcmm.Rd:333: Lost braces; missing escapes or markup? 333 | b_{k}=b_{k-1}+(b_k^*)^2. | ^ checkRd: (-1) print.lcmm.Rd:20: Lost braces 20 | for fitted latent class mixed-effects, or class \code{Jointlcmm}, code{mpjclmm} for | ^ Flavors: r-devel-linux-x86_64-debian-clang, r-devel-linux-x86_64-debian-gcc, r-devel-linux-x86_64-fedora-clang, r-devel-linux-x86_64-fedora-gcc, r-devel-windows-x86_64, r-patched-linux-x86_64, r-release-linux-x86_64, r-release-macos-arm64, r-release-windows-x86_64

Version: 2.1.0
Check: installed package size
Result: NOTE installed size is 11.0Mb sub-directories of 1Mb or more: R 1.5Mb libs 8.7Mb Flavor: r-devel-linux-x86_64-fedora-clang