CRAN Package Check Results for Package lazyeval

Last updated on 2024-07-23 04:57:41 CEST.

Flavor Version Tinstall Tcheck Ttotal Status Flags
r-devel-linux-x86_64-debian-clang 0.2.2 4.88 40.29 45.17 NOTE
r-devel-linux-x86_64-debian-gcc 0.2.2 3.25 31.11 34.36 NOTE
r-devel-linux-x86_64-fedora-clang 0.2.2 61.52 NOTE
r-devel-linux-x86_64-fedora-gcc 0.2.2 68.19 NOTE
r-devel-windows-x86_64 0.2.2 10.00 62.00 72.00 NOTE
r-patched-linux-x86_64 0.2.2 4.76 39.77 44.53 NOTE
r-release-linux-x86_64 0.2.2 4.37 39.47 43.84 NOTE
r-release-macos-arm64 0.2.2 28.00 NOTE
r-release-macos-x86_64 0.2.2 51.00 NOTE
r-release-windows-x86_64 0.2.2 11.00 61.00 72.00 NOTE
r-oldrel-macos-arm64 0.2.2 32.00 NOTE
r-oldrel-macos-x86_64 0.2.2 43.00 NOTE
r-oldrel-windows-x86_64 0.2.2 9.00 66.00 75.00 NOTE

Check Details

Version: 0.2.2
Check: LazyData
Result: NOTE 'LazyData' is specified without a 'data' directory Flavors: r-devel-linux-x86_64-debian-clang, r-devel-linux-x86_64-debian-gcc, r-devel-linux-x86_64-fedora-clang, r-devel-linux-x86_64-fedora-gcc, r-devel-windows-x86_64, r-patched-linux-x86_64, r-release-linux-x86_64, r-release-macos-arm64, r-release-macos-x86_64, r-release-windows-x86_64, r-oldrel-macos-arm64, r-oldrel-macos-x86_64, r-oldrel-windows-x86_64

Version: 0.2.2
Check: compiled code
Result: NOTE File ‘lazyeval/libs/lazyeval.so’: Found non-API calls to R: ‘PRENV’, ‘R_PromiseExpr’ Compiled code should not call non-API entry points in R. See ‘Writing portable packages’ in the ‘Writing R Extensions’ manual, and section ‘Moving into C API compliance’ for issues with the use of non-API entry points. Flavors: r-devel-linux-x86_64-debian-clang, r-devel-linux-x86_64-debian-gcc, r-devel-linux-x86_64-fedora-clang, r-devel-linux-x86_64-fedora-gcc

Version: 0.2.2
Check: compiled code
Result: NOTE File 'lazyeval/libs/x64/lazyeval.dll': Found non-API calls to R: 'PRENV', 'R_PromiseExpr' Compiled code should not call non-API entry points in R. See 'Writing portable packages' in the 'Writing R Extensions' manual, and section 'Moving into C API compliance' for issues with the use of non-API entry points. Flavor: r-devel-windows-x86_64