CRAN Package Check Results for Package lavaSearch2

Last updated on 2024-06-13 04:52:29 CEST.

Flavor Version Tinstall Tcheck Ttotal Status Flags
r-devel-linux-x86_64-debian-clang 2.0.3 68.81 343.94 412.75 OK
r-devel-linux-x86_64-debian-gcc 2.0.3 0.56 1.75 2.31 ERROR
r-devel-linux-x86_64-fedora-clang 2.0.3 525.42 OK
r-devel-linux-x86_64-fedora-gcc 2.0.3 506.74 OK
r-devel-windows-x86_64 2.0.3 58.00 259.00 317.00 OK
r-patched-linux-x86_64 2.0.3 60.09 331.06 391.15 OK
r-release-linux-x86_64 2.0.3 59.45 323.04 382.49 OK
r-release-macos-arm64 2.0.3 114.00 OK
r-release-macos-x86_64 2.0.3 196.00 OK
r-release-windows-x86_64 2.0.3 61.00 267.00 328.00 OK
r-oldrel-macos-arm64 2.0.3 125.00 OK
r-oldrel-macos-x86_64 2.0.3 286.00 OK
r-oldrel-windows-x86_64 2.0.3 73.00 354.00 427.00 OK

Check Details

Version: 2.0.3
Check: package dependencies
Result: ERROR Packages required but not available: 'ggplot2', 'reshape2' Packages suggested but not available for checking: 'lme4', 'lmerTest', 'pbkrtest', 'riskRegression', 'testthat' See section ‘The DESCRIPTION file’ in the ‘Writing R Extensions’ manual. Flavor: r-devel-linux-x86_64-debian-gcc