CRAN Package Check Results for Package labourR

Last updated on 2024-07-19 04:56:41 CEST.

Flavor Version Tinstall Tcheck Ttotal Status Flags
r-devel-linux-x86_64-debian-clang 1.0.0 7.87 57.67 65.54 OK
r-devel-linux-x86_64-debian-gcc 1.0.0 8.47 46.64 55.11 OK
r-devel-linux-x86_64-fedora-clang 1.0.0 91.60 OK
r-devel-linux-x86_64-fedora-gcc 1.0.0 98.91 OK
r-devel-windows-x86_64 1.0.0 10.00 65.00 75.00 NOTE
r-patched-linux-x86_64 1.0.0 12.54 59.27 71.81 OK
r-release-linux-x86_64 1.0.0 11.18 58.80 69.98 OK
r-release-macos-arm64 1.0.0 40.00 OK
r-release-macos-x86_64 1.0.0 56.00 OK
r-release-windows-x86_64 1.0.0 10.00 68.00 78.00 OK
r-oldrel-macos-arm64 1.0.0 43.00 OK
r-oldrel-macos-x86_64 1.0.0 60.00 OK
r-oldrel-windows-x86_64 1.0.0 12.00 71.00 83.00 OK

Check Details

Version: 1.0.0
Check: Rd cross-references
Result: NOTE Found the following Rd file(s) with Rd \link{} targets missing package anchors: get_stopwords.Rd: stopwords, data_stopwords_misc identify_language.Rd: cld2 Please provide package anchors for all Rd \link{} targets not in the package itself and the base packages. Flavor: r-devel-windows-x86_64