CRAN Package Check Results for Package jmv

Last updated on 2024-06-13 04:52:28 CEST.

Flavor Version Tinstall Tcheck Ttotal Status Flags
r-devel-linux-x86_64-debian-clang 2.5.5 97.28 177.65 274.93 OK
r-devel-linux-x86_64-debian-gcc 2.5.5 0.83 1.76 2.59 ERROR
r-devel-linux-x86_64-fedora-clang 2.5.5 376.45 NOTE
r-devel-linux-x86_64-fedora-gcc 2.5.5 345.57 NOTE
r-devel-windows-x86_64 2.5.5 83.00 139.00 222.00 NOTE
r-patched-linux-x86_64 2.5.5 98.11 169.21 267.32 OK
r-release-linux-x86_64 2.5.5 92.35 177.98 270.33 OK
r-release-macos-arm64 2.5.5 97.00 NOTE
r-release-macos-x86_64 2.5.5 189.00 NOTE
r-release-windows-x86_64 2.5.5 85.00 140.00 225.00 NOTE
r-oldrel-macos-arm64 2.5.5 89.00 NOTE
r-oldrel-macos-x86_64 2.5.5 198.00 NOTE
r-oldrel-windows-x86_64 2.5.5 112.00 179.00 291.00 NOTE

Check Details

Version: 2.5.5
Check: package dependencies
Result: ERROR Packages required but not available: 'car', 'ggplot2', 'vcdExtra', 'GGally', 'BayesFactor', 'afex', 'ggridges', 'ggrepel', 'dplyr' Packages suggested but not available for checking: 'exact2x2', 'testthat', 'semPlot' See section ‘The DESCRIPTION file’ in the ‘Writing R Extensions’ manual. Flavor: r-devel-linux-x86_64-debian-gcc

Version: 2.5.5
Check: package dependencies
Result: NOTE Imports includes 23 non-default packages. Importing from so many packages makes the package vulnerable to any of them becoming unavailable. Move as many as possible to Suggests and use conditionally. Flavor: r-devel-linux-x86_64-fedora-clang

Version: 2.5.5
Check: installed package size
Result: NOTE installed size is 10.8Mb sub-directories of 1Mb or more: R 3.9Mb i18n 6.7Mb Flavors: r-devel-linux-x86_64-fedora-clang, r-devel-windows-x86_64, r-release-macos-arm64, r-release-macos-x86_64, r-release-windows-x86_64, r-oldrel-macos-arm64, r-oldrel-macos-x86_64, r-oldrel-windows-x86_64

Version: 2.5.5
Check: dependencies in R code
Result: NOTE Namespaces in Imports field not imported from: ‘BayesFactor’ ‘GGally’ ‘GPArotation’ ‘MASS’ ‘PMCMR’ ‘R6’ ‘ROCR’ ‘afex’ ‘car’ ‘dplyr’ ‘emmeans’ ‘ggrepel’ ‘ggridges’ ‘lavaan’ ‘multcomp’ ‘mvnormtest’ ‘nnet’ ‘psych’ ‘vcd’ ‘vcdExtra’ All declared Imports should be used. Flavors: r-devel-linux-x86_64-fedora-clang, r-devel-linux-x86_64-fedora-gcc