Last updated on 2025-01-19 04:48:57 CET.
Flavor | Version | Tinstall | Tcheck | Ttotal | Status | Flags |
---|---|---|---|---|---|---|
r-devel-linux-x86_64-debian-clang | 0.2.6 | 694.11 | 260.00 | 954.11 | NOTE | |
r-devel-linux-x86_64-debian-gcc | 0.2.6 | 493.46 | 175.02 | 668.48 | NOTE | |
r-devel-linux-x86_64-fedora-clang | 0.2.6 | 1829.86 | NOTE | |||
r-devel-linux-x86_64-fedora-gcc | 0.2.6 | 2128.32 | NOTE | |||
r-devel-windows-x86_64 | 0.2.6 | 690.00 | 389.00 | 1079.00 | NOTE | |
r-patched-linux-x86_64 | 0.2.6 | 707.33 | 249.68 | 957.01 | NOTE | |
r-release-linux-x86_64 | 0.2.6 | 693.69 | 239.75 | 933.44 | NOTE | |
r-release-macos-arm64 | 0.2.6 | 377.00 | NOTE | |||
r-release-macos-x86_64 | 0.2.6 | 417.00 | NOTE | |||
r-release-windows-x86_64 | 0.2.6 | 681.00 | 404.00 | 1085.00 | NOTE | |
r-oldrel-macos-arm64 | 0.2.6 | 372.00 | NOTE | |||
r-oldrel-macos-x86_64 | 0.2.6 | 480.00 | NOTE | |||
r-oldrel-windows-x86_64 | 0.2.6 | 753.00 | 458.00 | 1211.00 | NOTE |
Version: 0.2.6
Check: Rd files
Result: NOTE
checkRd: (-1) jSDM_binomial_probit_long_format.Rd:45: Lost braces
45 | \code{species} \tab numeric or character eqn{n_{obs}}{n_obs}-length vector indicating the species observed, \cr
| ^
checkRd: (-1) jSDM_binomial_probit_long_format.Rd:45: Lost braces; missing escapes or markup?
45 | \code{species} \tab numeric or character eqn{n_{obs}}{n_obs}-length vector indicating the species observed, \cr
| ^
checkRd: (-1) jSDM_binomial_probit_long_format.Rd:45: Lost braces
45 | \code{species} \tab numeric or character eqn{n_{obs}}{n_obs}-length vector indicating the species observed, \cr
| ^
Flavors: r-devel-linux-x86_64-debian-clang, r-devel-linux-x86_64-debian-gcc, r-devel-linux-x86_64-fedora-clang, r-devel-linux-x86_64-fedora-gcc, r-devel-windows-x86_64, r-patched-linux-x86_64, r-release-linux-x86_64, r-release-macos-arm64, r-release-macos-x86_64, r-release-windows-x86_64
Version: 0.2.6
Check: installed package size
Result: NOTE
installed size is 34.2Mb
sub-directories of 1Mb or more:
libs 32.8Mb
Flavors: r-release-macos-arm64, r-release-macos-x86_64, r-oldrel-macos-arm64, r-oldrel-macos-x86_64, r-oldrel-windows-x86_64