CRAN Package Check Results for Package isotree

Last updated on 2024-06-13 04:52:28 CEST.

Flavor Version Tinstall Tcheck Ttotal Status Flags
r-devel-linux-x86_64-debian-clang 0.6.1-1 193.43 69.67 263.10 OK
r-devel-linux-x86_64-debian-gcc 0.6.1-1 158.42 47.48 205.90 ERROR
r-devel-linux-x86_64-fedora-clang 0.6.1-1 343.42 OK
r-devel-linux-x86_64-fedora-gcc 0.6.1-1 449.30 OK
r-devel-windows-x86_64 0.6.1-1 136.00 92.00 228.00 OK
r-patched-linux-x86_64 0.6.1-1 192.10 69.50 261.60 OK
r-release-linux-x86_64 0.6.1-1 189.39 66.95 256.34 OK
r-release-macos-arm64 0.6.1-1 73.00 NOTE
r-release-macos-x86_64 0.6.1-1 95.00 NOTE
r-release-windows-x86_64 0.6.1-1 135.00 110.00 245.00 OK
r-oldrel-macos-arm64 0.6.1-1 96.00 NOTE
r-oldrel-macos-x86_64 0.6.1-1 224.00 NOTE
r-oldrel-windows-x86_64 0.6.1-1 128.00 112.00 240.00 OK

Check Details

Version: 0.6.1-1
Check: package dependencies
Result: NOTE Packages suggested but not available for checking: 'DiagrammeR', 'kableExtra' Flavor: r-devel-linux-x86_64-debian-gcc

Version: 0.6.1-1
Check: re-building of vignette outputs
Result: ERROR Error(s) in re-building vignettes: ... --- re-building ‘An_Introduction_to_Isolation_Forests.Rmd’ using rmarkdown ** Processing: /home/hornik/tmp/R.check/r-devel-gcc/Work/PKGS/isotree.Rcheck/vign_test/isotree/vignettes/An_Introduction_to_Isolation_Forests_files/figure-html/unnamed-chunk-3-1.png 672x422 pixels, 3x8 bits/pixel, RGB Input IDAT size = 28931 bytes Input file size = 29045 bytes Trying: zc = 9 zm = 8 zs = 0 f = 0 IDAT size = 23255 zc = 9 zm = 8 zs = 1 f = 0 zc = 1 zm = 8 zs = 2 f = 0 zc = 9 zm = 8 zs = 3 f = 0 zc = 9 zm = 8 zs = 0 f = 5 zc = 9 zm = 8 zs = 1 f = 5 zc = 1 zm = 8 zs = 2 f = 5 zc = 9 zm = 8 zs = 3 f = 5 Selecting parameters: zc = 9 zm = 8 zs = 0 f = 0 IDAT size = 23255 Output IDAT size = 23255 bytes (5676 bytes decrease) Output file size = 23333 bytes (5712 bytes = 19.67% decrease) ** Processing: /home/hornik/tmp/R.check/r-devel-gcc/Work/PKGS/isotree.Rcheck/vign_test/isotree/vignettes/An_Introduction_to_Isolation_Forests_files/figure-html/unnamed-chunk-4-1.png 960x576 pixels, 3x8 bits/pixel, RGB Input IDAT size = 87273 bytes Input file size = 87471 bytes Trying: zc = 9 zm = 8 zs = 0 f = 0 IDAT size = 63971 zc = 9 zm = 8 zs = 1 f = 0 zc = 1 zm = 8 zs = 2 f = 0 zc = 9 zm = 8 zs = 3 f = 0 zc = 9 zm = 8 zs = 0 f = 5 zc = 9 zm = 8 zs = 1 f = 5 zc = 1 zm = 8 zs = 2 f = 5 zc = 9 zm = 8 zs = 3 f = 5 Selecting parameters: zc = 9 zm = 8 zs = 0 f = 0 IDAT size = 63971 Output IDAT size = 63971 bytes (23302 bytes decrease) Output file size = 64049 bytes (23422 bytes = 26.78% decrease) ** Processing: /home/hornik/tmp/R.check/r-devel-gcc/Work/PKGS/isotree.Rcheck/vign_test/isotree/vignettes/An_Introduction_to_Isolation_Forests_files/figure-html/unnamed-chunk-5-1.png 768x576 pixels, 3x8 bits/pixel, RGB Input IDAT size = 87907 bytes Input file size = 88105 bytes Trying: zc = 9 zm = 8 zs = 0 f = 0 zc = 9 zm = 8 zs = 1 f = 0 zc = 1 zm = 8 zs = 2 f = 0 zc = 9 zm = 8 zs = 3 f = 0 zc = 9 zm = 8 zs = 0 f = 5 IDAT size = 86722 zc = 9 zm = 8 zs = 1 f = 5 IDAT size = 86441 zc = 1 zm = 8 zs = 2 f = 5 zc = 9 zm = 8 zs = 3 f = 5 Selecting parameters: zc = 9 zm = 8 zs = 1 f = 5 IDAT size = 86441 Output IDAT size = 86441 bytes (1466 bytes decrease) Output file size = 86519 bytes (1586 bytes = 1.80% decrease) ** Processing: /home/hornik/tmp/R.check/r-devel-gcc/Work/PKGS/isotree.Rcheck/vign_test/isotree/vignettes/An_Introduction_to_Isolation_Forests_files/figure-html/unnamed-chunk-7-1.png 960x1152 pixels, 3x8 bits/pixel, RGB Input IDAT size = 225267 bytes Input file size = 225669 bytes Trying: zc = 9 zm = 8 zs = 0 f = 0 zc = 9 zm = 8 zs = 1 f = 0 zc = 1 zm = 8 zs = 2 f = 0 zc = 9 zm = 8 zs = 3 f = 0 zc = 9 zm = 8 zs = 0 f = 5 IDAT size = 222240 zc = 9 zm = 8 zs = 1 f = 5 IDAT size = 220537 zc = 1 zm = 8 zs = 2 f = 5 zc = 9 zm = 8 zs = 3 f = 5 Selecting parameters: zc = 9 zm = 8 zs = 1 f = 5 IDAT size = 220537 Output IDAT size = 220537 bytes (4730 bytes decrease) Output file size = 220615 bytes (5054 bytes = 2.24% decrease) Quitting from lines 462-526 [unnamed-chunk-11] (An_Introduction_to_Isolation_Forests.Rmd) Error: processing vignette 'An_Introduction_to_Isolation_Forests.Rmd' failed with diagnostics: there is no package called 'kableExtra' --- failed re-building ‘An_Introduction_to_Isolation_Forests.Rmd’ SUMMARY: processing the following file failed: ‘An_Introduction_to_Isolation_Forests.Rmd’ Error: Vignette re-building failed. Execution halted Flavor: r-devel-linux-x86_64-debian-gcc

Version: 0.6.1-1
Check: installed package size
Result: NOTE installed size is 15.3Mb sub-directories of 1Mb or more: doc 1.6Mb libs 13.4Mb Flavors: r-release-macos-arm64, r-release-macos-x86_64, r-oldrel-macos-arm64, r-oldrel-macos-x86_64