CRAN Package Check Results for Package interpretCI

Last updated on 2025-01-21 04:48:27 CET.

Flavor Version Tinstall Tcheck Ttotal Status Flags
r-devel-linux-x86_64-debian-clang 0.1.1 10.51 172.71 183.22 OK
r-devel-linux-x86_64-debian-gcc 0.1.1 6.09 121.21 127.30 OK
r-devel-linux-x86_64-fedora-clang 0.1.1 310.30 NOTE
r-devel-linux-x86_64-fedora-gcc 0.1.1 301.66 NOTE
r-devel-windows-x86_64 0.1.1 11.00 170.00 181.00 OK
r-patched-linux-x86_64 0.1.1 8.87 158.92 167.79 OK
r-release-linux-x86_64 0.1.1 9.13 157.18 166.31 OK
r-release-macos-arm64 0.1.1 90.00 OK
r-release-macos-x86_64 0.1.1 133.00 OK
r-release-windows-x86_64 0.1.1 15.00 178.00 193.00 OK
r-oldrel-macos-arm64 0.1.1 90.00 OK
r-oldrel-macos-x86_64 0.1.1 168.00 OK
r-oldrel-windows-x86_64 0.1.1 14.00 212.00 226.00 OK

Check Details

Version: 0.1.1
Check: dependencies in R code
Result: NOTE Namespace in Imports field not imported from: ‘moonBook’ All declared Imports should be used. Flavors: r-devel-linux-x86_64-fedora-clang, r-devel-linux-x86_64-fedora-gcc