CRAN Package Check Results for Package innsight

Last updated on 2024-07-24 16:53:51 CEST.

Flavor Version Tinstall Tcheck Ttotal Status Flags
r-devel-linux-x86_64-debian-clang 0.3.0 26.94 164.24 191.18 OK
r-devel-linux-x86_64-debian-gcc 0.3.0 21.15 125.63 146.78 NOTE
r-devel-linux-x86_64-fedora-clang 0.3.0 250.05 OK
r-devel-linux-x86_64-fedora-gcc 0.3.0 236.72 OK
r-devel-windows-x86_64 0.3.0 24.00 297.00 321.00 NOTE
r-patched-linux-x86_64 0.3.0 36.25 155.38 191.63 OK
r-release-linux-x86_64 0.3.0 30.55 152.87 183.42 OK
r-release-macos-arm64 0.3.0 71.00 OK
r-release-macos-x86_64 0.3.0 112.00 OK
r-release-windows-x86_64 0.3.0 24.00 313.00 337.00 OK
r-oldrel-macos-arm64 0.3.0 82.00 OK
r-oldrel-macos-x86_64 0.3.0 147.00 OK
r-oldrel-windows-x86_64 0.3.0 30.00 219.00 249.00 OK

Check Details

Version: 0.3.0
Check: Rd cross-references
Result: NOTE Found the following Rd file(s) with Rd \link{} targets missing package anchors: AgnosticWrapper.Rd: torch_tensor ConnectionWeights.Rd: torch_tensor, torch_float, torch_double Converter.Rd: nn_sequential DeepLift.Rd: torch_tensor, torch_float, torch_double DeepSHAP.Rd: torch_tensor, torch_float, torch_double ExpectedGradient.Rd: torch_tensor, torch_float, torch_double Gradient.Rd: torch_tensor, torch_float, torch_double GradientBased.Rd: torch_tensor, torch_float, torch_double IntegratedGradient.Rd: torch_tensor, torch_float, torch_double InterpretingMethod.Rd: torch_float, torch_double, torch_tensor LIME.Rd: torch_tensor LRP.Rd: torch_tensor, torch_float, torch_double SHAP.Rd: torch_tensor SmoothGrad.Rd: torch_tensor, torch_float, torch_double innsight_ggplot2-class.Rd: ggplot2 innsight_ggplot2-plus.Rd: ggplot2 innsight_sugar.Rd: nn_sequential, torch_tensor Please provide package anchors for all Rd \link{} targets not in the package itself and the base packages. Flavors: r-devel-linux-x86_64-debian-gcc, r-devel-windows-x86_64