CRAN Package Check Results for Package inline

Last updated on 2024-06-18 04:56:35 CEST.

Flavor Version Tinstall Tcheck Ttotal Status Flags
r-devel-linux-x86_64-debian-clang 0.3.19 2.65 72.22 74.87 OK
r-devel-linux-x86_64-debian-gcc 0.3.19 2.16 46.56 48.72 OK
r-devel-linux-x86_64-fedora-clang 0.3.19 88.92 OK
r-devel-linux-x86_64-fedora-gcc 0.3.19 88.66 OK
r-devel-windows-x86_64 0.3.19 4.00 104.00 108.00 OK
r-patched-linux-x86_64 0.3.19 3.01 62.06 65.07 OK
r-release-linux-x86_64 0.3.19 2.35 59.83 62.18 OK
r-release-macos-arm64 0.3.19 34.00 OK
r-release-macos-x86_64 0.3.19 56.00 ERROR
r-release-windows-x86_64 0.3.19 4.00 105.00 109.00 OK
r-oldrel-macos-arm64 0.3.19 37.00 OK
r-oldrel-macos-x86_64 0.3.19 65.00 OK
r-oldrel-windows-x86_64 0.3.19 4.00 115.00 119.00 OK

Check Details

Version: 0.3.19
Check: tests
Result: ERROR Running ‘tinytest.R’ [16s/21s] Running the tests in ‘tests/tinytest.R’ failed. Last 13 lines of output: test_utilities.R.............. 10 tests <1b>[0;31m1 fails<1b>[0m test_utilities.R.............. 10 tests <1b>[0;31m1 fails<1b>[0m test_utilities.R.............. 11 tests <1b>[0;31m1 fails<1b>[0m test_utilities.R.............. 11 tests <1b>[0;31m1 fails<1b>[0m test_utilities.R.............. 11 tests <1b>[0;31m1 fails<1b>[0m test_utilities.R.............. 11 tests <1b>[0;31m1 fails<1b>[0m test_utilities.R.............. 11 tests <1b>[0;31m1 fails<1b>[0m test_utilities.R.............. 12 tests <1b>[0;31m1 fails<1b>[0m test_utilities.R.............. 13 tests <1b>[0;31m1 fails<1b>[0m <1b>[0;34m4.7s<1b>[0m ----- FAILED[xcpt]: test_utilities.R<39--42> call| expect_error(moveDLL(quadfn, name = "testname", directory = tempdir(), call| --> unload = TRUE, overwrite = TRUE), "file can not be copied both 'from' and 'to'") diff| No error Error: 1 out of 30 tests failed Execution halted Flavor: r-release-macos-x86_64