CRAN Package Check Results for Package incgraph

Last updated on 2024-07-12 16:53:44 CEST.

Flavor Version Tinstall Tcheck Ttotal Status Flags
r-devel-linux-x86_64-debian-clang 1.0.1 28.13 60.41 88.54 NOTE
r-devel-linux-x86_64-debian-gcc 1.0.1 19.52 44.95 64.47 NOTE
r-devel-linux-x86_64-fedora-clang 1.0.1 121.59 NOTE
r-devel-linux-x86_64-fedora-gcc 1.0.1 110.12 NOTE
r-devel-windows-x86_64 1.0.1 23.00 86.00 109.00 NOTE
r-patched-linux-x86_64 1.0.1 23.16 57.47 80.63 NOTE
r-release-linux-x86_64 1.0.1 15.30 56.36 71.66 NOTE
r-release-macos-arm64 1.0.1 33.00 NOTE
r-release-macos-x86_64 1.0.1 50.00 NOTE
r-release-windows-x86_64 1.0.1 23.00 83.00 106.00 NOTE
r-oldrel-macos-arm64 1.0.1 35.00 NOTE
r-oldrel-macos-x86_64 1.0.1 61.00 NOTE
r-oldrel-windows-x86_64 1.0.1 29.00 98.00 127.00 NOTE

Check Details

Version: 1.0.1
Check: C++ specification
Result: NOTE Specified C++11: please drop specification unless essential Flavors: r-devel-linux-x86_64-debian-clang, r-devel-linux-x86_64-debian-gcc, r-devel-linux-x86_64-fedora-clang, r-devel-linux-x86_64-fedora-gcc, r-devel-windows-x86_64, r-patched-linux-x86_64, r-release-linux-x86_64, r-release-macos-arm64, r-release-macos-x86_64, r-release-windows-x86_64, r-oldrel-macos-arm64, r-oldrel-macos-x86_64, r-oldrel-windows-x86_64

Version: 1.0.1
Check: dependencies in R code
Result: NOTE Namespace in Imports field not imported from: ‘testthat’ All declared Imports should be used. Flavors: r-devel-linux-x86_64-fedora-clang, r-devel-linux-x86_64-fedora-gcc

Version: 1.0.1
Check: Rd cross-references
Result: NOTE Found the following Rd file(s) with Rd \link{} targets missing package anchors: calculate.orbit.counts.Rd: count5 Please provide package anchors for all Rd \link{} targets not in the package itself and the base packages. Flavor: r-devel-windows-x86_64