CRAN Package Check Results for Package importinegi

Last updated on 2024-07-12 04:55:59 CEST.

Flavor Version Tinstall Tcheck Ttotal Status Flags
r-devel-linux-x86_64-debian-clang 1.2.1 2.49 33.82 36.31 OK
r-devel-linux-x86_64-debian-gcc 1.2.1 3.38 25.69 29.07 OK
r-devel-linux-x86_64-fedora-clang 1.2.1 51.39 NOTE
r-devel-linux-x86_64-fedora-gcc 1.2.1 58.62 NOTE
r-devel-windows-x86_64 1.2.1 4.00 48.00 52.00 OK
r-patched-linux-x86_64 1.2.1 2.20 32.78 34.98 OK
r-release-linux-x86_64 1.2.1 2.43 32.18 34.61 OK
r-release-macos-arm64 1.2.1 24.00 OK
r-release-macos-x86_64 1.2.1 36.00 OK
r-release-windows-x86_64 1.2.1 4.00 47.00 51.00 OK
r-oldrel-macos-arm64 1.2.1 25.00 OK
r-oldrel-macos-x86_64 1.2.1 44.00 OK
r-oldrel-windows-x86_64 1.2.1 6.00 50.00 56.00 OK

Check Details

Version: 1.2.1
Check: dependencies in R code
Result: NOTE Namespaces in Imports field not imported from: ‘data.table’ ‘dplyr’ ‘haven’ All declared Imports should be used. Flavors: r-devel-linux-x86_64-fedora-clang, r-devel-linux-x86_64-fedora-gcc