CRAN Package Check Results for Package iemiscdata

Last updated on 2024-07-16 04:56:10 CEST.

Flavor Version Tinstall Tcheck Ttotal Status Flags
r-devel-linux-x86_64-debian-clang 1.0.2 5.12 101.89 107.01 OK
r-devel-linux-x86_64-debian-gcc 1.0.2 4.87 78.76 83.63 OK
r-devel-linux-x86_64-fedora-clang 1.0.2 147.97 NOTE
r-devel-linux-x86_64-fedora-gcc 1.0.2 146.99 NOTE
r-devel-windows-x86_64 1.0.2 8.00 187.00 195.00 OK
r-patched-linux-x86_64 1.0.2 6.40 100.02 106.42 OK
r-release-linux-x86_64 1.0.2 5.19 100.24 105.43 OK
r-release-macos-arm64 1.0.2 65.00 OK
r-release-macos-x86_64 1.0.2 168.00 OK
r-release-windows-x86_64 1.0.2 7.00 187.00 194.00 OK
r-oldrel-macos-arm64 1.0.2 76.00 OK
r-oldrel-macos-x86_64 1.0.2 146.00 OK
r-oldrel-windows-x86_64 1.0.2 8.00 185.00 193.00 OK

Additional issues

MKL

Check Details

Version: 1.0.2
Check: data for non-ASCII characters
Result: NOTE Note: found 366 marked UTF-8 strings Flavors: r-devel-linux-x86_64-fedora-clang, r-devel-linux-x86_64-fedora-gcc