CRAN Package Check Results for Package ib

Last updated on 2024-06-13 16:49:10 CEST.

Flavor Version Tinstall Tcheck Ttotal Status Flags
r-devel-linux-x86_64-debian-clang 0.2.0 24.34 143.05 167.39 OK
r-devel-linux-x86_64-debian-gcc 0.2.0 0.38 1.60 1.98 ERROR
r-devel-linux-x86_64-fedora-clang 0.2.0 212.64 OK
r-devel-linux-x86_64-fedora-gcc 0.2.0 201.49 OK
r-devel-windows-x86_64 0.2.0 21.00 118.00 139.00 OK
r-patched-linux-x86_64 0.2.0 16.76 137.13 153.89 OK
r-release-linux-x86_64 0.2.0 16.65 140.80 157.45 OK
r-release-macos-arm64 0.2.0 58.00 OK
r-release-macos-x86_64 0.2.0 86.00 OK
r-release-windows-x86_64 0.2.0 20.00 123.00 143.00 OK
r-oldrel-macos-arm64 0.2.0 65.00 OK
r-oldrel-macos-x86_64 0.2.0 108.00 OK
r-oldrel-windows-x86_64 0.2.0 29.00 147.00 176.00 OK

Check Details

Version: 0.2.0
Check: package dependencies
Result: ERROR Package required but not available: ‘lme4’ Package suggested but not available for checking: ‘testthat’ See section ‘The DESCRIPTION file’ in the ‘Writing R Extensions’ manual. Flavor: r-devel-linux-x86_64-debian-gcc