CRAN Package Check Results for Package hypergate

Last updated on 2025-01-19 04:48:57 CET.

Flavor Version Tinstall Tcheck Ttotal Status Flags
r-devel-linux-x86_64-debian-clang 0.8.5 2.34 44.56 46.90 OK
r-devel-linux-x86_64-debian-gcc 0.8.5 2.12 32.40 34.52 OK
r-devel-linux-x86_64-fedora-clang 0.8.5 80.33 OK
r-devel-linux-x86_64-fedora-gcc 0.8.5 92.33 OK
r-devel-windows-x86_64 0.8.5 5.00 65.00 70.00 OK
r-patched-linux-x86_64 0.8.5 3.28 42.46 45.74 OK
r-release-linux-x86_64 0.8.5 2.85 42.90 45.75 OK
r-release-macos-arm64 0.8.5 28.00 OK
r-release-macos-x86_64 0.8.5 46.00 OK
r-release-windows-x86_64 0.8.5 4.00 67.00 71.00 OK
r-oldrel-macos-arm64 0.8.5 34.00 NOTE
r-oldrel-macos-x86_64 0.8.5 84.00 NOTE
r-oldrel-windows-x86_64 0.8.5 4.00 74.00 78.00 OK

Check Details

Version: 0.8.5
Check: package dependencies
Result: NOTE Package suggested but not available for checking: ‘flowCore’ Flavors: r-oldrel-macos-arm64, r-oldrel-macos-x86_64