CRAN Package Check Results for Package hues

Last updated on 2024-07-18 16:49:07 CEST.

Flavor Version Tinstall Tcheck Ttotal Status Flags
r-devel-linux-x86_64-debian-clang 0.2.0 2.29 31.62 33.91 NOTE
r-devel-linux-x86_64-debian-gcc 0.2.0 1.83 22.93 24.76 NOTE
r-devel-linux-x86_64-fedora-clang 0.2.0 41.96 NOTE
r-devel-linux-x86_64-fedora-gcc 0.2.0 39.20 NOTE
r-devel-windows-x86_64 0.2.0 3.00 45.00 48.00 NOTE
r-patched-linux-x86_64 0.2.0 1.98 29.60 31.58 NOTE
r-release-linux-x86_64 0.2.0 1.97 28.81 30.78 NOTE
r-release-macos-arm64 0.2.0 16.00 NOTE
r-release-macos-x86_64 0.2.0 30.00 NOTE
r-release-windows-x86_64 0.2.0 3.00 46.00 49.00 NOTE
r-oldrel-macos-arm64 0.2.0 17.00 NOTE
r-oldrel-macos-x86_64 0.2.0 26.00 NOTE
r-oldrel-windows-x86_64 0.2.0 3.00 48.00 51.00 NOTE

Check Details

Version: 0.2.0
Check: LazyData
Result: NOTE 'LazyData' is specified without a 'data' directory Flavors: r-devel-linux-x86_64-debian-clang, r-devel-linux-x86_64-debian-gcc, r-devel-linux-x86_64-fedora-clang, r-devel-linux-x86_64-fedora-gcc, r-devel-windows-x86_64, r-patched-linux-x86_64, r-release-linux-x86_64, r-release-macos-arm64, r-release-macos-x86_64, r-release-windows-x86_64, r-oldrel-macos-arm64, r-oldrel-macos-x86_64, r-oldrel-windows-x86_64