CRAN Package Check Results for Package holland

Last updated on 2024-06-14 05:00:21 CEST.

Flavor Version Tinstall Tcheck Ttotal Status Flags
r-devel-linux-x86_64-debian-clang 0.1.2-1 11.22 85.72 96.94 OK
r-devel-linux-x86_64-debian-gcc 0.1.2-1 0.42 1.55 1.97 ERROR
r-devel-linux-x86_64-fedora-clang 0.1.2-1 117.90 OK
r-devel-linux-x86_64-fedora-gcc 0.1.2-1 111.35 OK
r-devel-windows-x86_64 0.1.2-1 10.00 85.00 95.00 OK
r-patched-linux-x86_64 0.1.2-1 15.90 79.85 95.75 OK
r-release-linux-x86_64 0.1.2-1 11.62 79.78 91.40 OK
r-release-macos-arm64 0.1.2-1 34.00 OK
r-release-macos-x86_64 0.1.2-1 52.00 OK
r-release-windows-x86_64 0.1.2-1 12.00 86.00 98.00 OK
r-oldrel-macos-arm64 0.1.2-1 36.00 OK
r-oldrel-macos-x86_64 0.1.2-1 60.00 OK
r-oldrel-windows-x86_64 0.1.2-1 14.00 96.00 110.00 OK

Check Details

Version: 0.1.2-1
Check: package dependencies
Result: ERROR Package required but not available: ‘MplusAutomation’ See section ‘The DESCRIPTION file’ in the ‘Writing R Extensions’ manual. Flavor: r-devel-linux-x86_64-debian-gcc